{"id":3852,"date":"2024-09-28T20:35:17","date_gmt":"2024-09-28T18:35:17","guid":{"rendered":"https:\/\/solitude.saintefamille.fr\/testnew\/?page_id=3852"},"modified":"2025-10-09T23:24:42","modified_gmt":"2025-10-09T21:24:42","slug":"evenement","status":"publish","type":"page","link":"https:\/\/solitude.saintefamille.fr\/?page_id=3852","title":{"rendered":"Ev\u00e9nement"},"content":{"rendered":"\n<p><\/p>\n\n\n\n<h2 class=\"wp-block-heading alignwide\">SEMAINES SOCIALES DE FRANCE<\/h2>\n\n\n\n<figure class=\"wp-block-image alignfull size-full\"><a href=\"https:\/\/solitude.saintefamille.fr\/files\/2025\/09\/semaines-sociales-de-france-99e-rencontre-annuelle-2025-rs-5-banniere-linkedin-2-scaled-1.jpg\"><img loading=\"lazy\" decoding=\"async\" width=\"2560\" height=\"434\" src=\"https:\/\/solitude.saintefamille.fr\/files\/2025\/09\/semaines-sociales-de-france-99e-rencontre-annuelle-2025-rs-5-banniere-linkedin-2-scaled-1.jpg\" alt=\"\" class=\"wp-image-4376\" srcset=\"https:\/\/solitude.saintefamille.fr\/files\/2025\/09\/semaines-sociales-de-france-99e-rencontre-annuelle-2025-rs-5-banniere-linkedin-2-scaled-1.jpg 2560w, https:\/\/solitude.saintefamille.fr\/files\/2025\/09\/semaines-sociales-de-france-99e-rencontre-annuelle-2025-rs-5-banniere-linkedin-2-scaled-1-300x51.jpg 300w, https:\/\/solitude.saintefamille.fr\/files\/2025\/09\/semaines-sociales-de-france-99e-rencontre-annuelle-2025-rs-5-banniere-linkedin-2-scaled-1-1024x174.jpg 1024w, https:\/\/solitude.saintefamille.fr\/files\/2025\/09\/semaines-sociales-de-france-99e-rencontre-annuelle-2025-rs-5-banniere-linkedin-2-scaled-1-768x130.jpg 768w, https:\/\/solitude.saintefamille.fr\/files\/2025\/09\/semaines-sociales-de-france-99e-rencontre-annuelle-2025-rs-5-banniere-linkedin-2-scaled-1-1536x260.jpg 1536w, https:\/\/solitude.saintefamille.fr\/files\/2025\/09\/semaines-sociales-de-france-99e-rencontre-annuelle-2025-rs-5-banniere-linkedin-2-scaled-1-2048x347.jpg 2048w\" sizes=\"auto, (max-width: 2560px) 100vw, 2560px\" \/><\/a><\/figure>\n\n\n\n<p><\/p>\n\n\n\n<p class=\"has-text-color has-link-color wp-elements-e065d3a45930d7e15851ed93576b0ad7\" style=\"color:#0b518a\">Pour<strong>&nbsp;cette 99<\/strong><strong>\u1d49&nbsp;<\/strong><strong>rencontre annuelle<\/strong>&nbsp;des SSF, abordons le sujet de l\u2019intelligence artificielle<strong>&nbsp;\u00e0 la lumi\u00e8re de la pens\u00e9e sociale chr\u00e9tienne.<\/strong><\/p>\n\n\n\n<p class=\"has-text-color has-background has-link-color wp-elements-bc62431fabd74983e5d716db7e31b159\" style=\"color:#0b518a;background-color:#59acf045\">L\u2019Intelligence artificielle est faite de promesses et de menaces.<br>Des progr\u00e8s scientifiques aux enjeux d\u00e9mocratiques, elle transforme nos vies en profondeur mais les fronti\u00e8res de ce nouveau monde sont encore impossibles \u00e0 tracer.<br>Cette technologie participe aux bouleversements g\u00e9opolitiques actuels. Elle questionne et rebat les enjeux de souverainet\u00e9 des entreprises comme des \u00c9tats.<br>Outil de d\u00e9veloppement et d\u2019acc\u00e8s aux savoirs, elle est aussi un d\u00e9fi pour les m\u00e9dias, au risque de la d\u00e9sinformation et des atteintes aux libert\u00e9s.<\/p>\n\n\n\n<p class=\"has-text-color has-background has-link-color wp-elements-06850c838b77c7cc3e7fd37c01b15bba\" style=\"color:#0b518a;background-color:#59acf045\">L\u2019IA provoque la question de la v\u00e9rit\u00e9 et ouvre un champ nouveau de questionnements \u00e9thiques et spirituels.<\/p>\n\n\n\n<div class=\"wp-block-columns is-layout-flex wp-container-core-columns-is-layout-28f84493 wp-block-columns-is-layout-flex\">\n<div class=\"wp-block-column is-layout-flow wp-block-column-is-layout-flow\" style=\"flex-basis:66.66%\">\n<p class=\"has-text-color has-link-color wp-elements-49be363dde4f9fb09a9ec7e39466785d\" style=\"color:#0b518a\"><strong>Quels jalons poser pour les artisans, les utilisateurs et les t\u00e9moins de cette r\u00e9volution ?<br>Existe-il une perspective chr\u00e9tienne pour aider au discernement ?<\/strong><\/p>\n\n\n\n<p class=\"has-custom-color-1-color has-text-color has-link-color wp-elements-b32a67141c7758312dbd2acbb8d5a283\"><strong>Nous vous invitons \u00e0 vivre ces semaines sociales \u00e0 la Solitude en visioconf\u00e9rence<\/strong><\/p>\n<\/div>\n\n\n\n<div class=\"wp-block-column is-vertically-aligned-center is-layout-flow wp-block-column-is-layout-flow\" style=\"flex-basis:33.33%\">\n<div class=\"wp-block-buttons is-layout-flex wp-block-buttons-is-layout-flex\">\n<div class=\"wp-block-button is-style-fill\"><a class=\"wp-block-button__link wp-element-button\" href=\"https:\/\/solitude.saintefamille.fr\/?page_id=4382\">plus d&rsquo;informations<\/a><\/div>\n<\/div>\n<\/div>\n<\/div>\n","protected":false},"excerpt":{"rendered":"<p>SEMAINES SOCIALES DE FRANCE Pour&nbsp;cette 99\u1d49&nbsp;rencontre annuelle&nbsp;des SSF, abordons le sujet de l\u2019intelligence artificielle&nbsp;\u00e0 la lumi\u00e8re de la pens\u00e9e sociale chr\u00e9tienne. L\u2019Intelligence artificielle est faite de promesses et de menaces.Des [&hellip;]<\/p>\n","protected":false},"author":1,"featured_media":0,"parent":0,"menu_order":0,"comment_status":"closed","ping_status":"closed","template":"","meta":{"_acf_changed":false,"_EventAllDay":false,"_EventTimezone":"","_EventStartDate":"","_EventEndDate":"","_EventStartDateUTC":"","_EventEndDateUTC":"","_EventShowMap":false,"_EventShowMapLink":false,"_EventURL":"","_EventCost":"","_EventCostDescription":"","_EventCurrencySymbol":"","_EventCurrencyCode":"","_EventCurrencyPosition":"","_EventDateTimeSeparator":"","_EventTimeRangeSeparator":"","_EventOrganizerID":[],"_EventVenueID":[],"_OrganizerEmail":"","_OrganizerPhone":"","_OrganizerWebsite":"","_VenueAddress":"","_VenueCity":"","_VenueCountry":"","_VenueProvince":"","_VenueState":"","_VenueZip":"","_VenuePhone":"","_VenueURL":"","_VenueStateProvince":"","_VenueLat":"","_VenueLng":"","_VenueShowMap":false,"_VenueShowMapLink":false,"footnotes":""},"class_list":["post-3852","page","type-page","status-publish","hentry"],"acf":[],"_links":{"self":[{"href":"https:\/\/solitude.saintefamille.fr\/index.php?rest_route=\/wp\/v2\/pages\/3852","targetHints":{"allow":["GET"]}}],"collection":[{"href":"https:\/\/solitude.saintefamille.fr\/index.php?rest_route=\/wp\/v2\/pages"}],"about":[{"href":"https:\/\/solitude.saintefamille.fr\/index.php?rest_route=\/wp\/v2\/types\/page"}],"author":[{"embeddable":true,"href":"https:\/\/solitude.saintefamille.fr\/index.php?rest_route=\/wp\/v2\/users\/1"}],"replies":[{"embeddable":true,"href":"https:\/\/solitude.saintefamille.fr\/index.php?rest_route=%2Fwp%2Fv2%2Fcomments&post=3852"}],"version-history":[{"count":27,"href":"https:\/\/solitude.saintefamille.fr\/index.php?rest_route=\/wp\/v2\/pages\/3852\/revisions"}],"predecessor-version":[{"id":4406,"href":"https:\/\/solitude.saintefamille.fr\/index.php?rest_route=\/wp\/v2\/pages\/3852\/revisions\/4406"}],"wp:attachment":[{"href":"https:\/\/solitude.saintefamille.fr\/index.php?rest_route=%2Fwp%2Fv2%2Fmedia&parent=3852"}],"curies":[{"name":"wp","href":"https:\/\/api.w.org\/{rel}","templated":true}]}}

Evénement

<p></p>



<h2 class="wp-block-heading alignwide">SEMAINES SOCIALES DE FRANCE</h2>



<figure class="wp-block-image alignfull size-full"><a href="https://solitude.saintefamille.fr/files/2025/09/semaines-sociales-de-france-99e-rencontre-annuelle-2025-rs-5-banniere-linkedin-2-scaled-1.jpg"><img loading="lazy" decoding="async" width="2560" height="434" src="https://solitude.saintefamille.fr/files/2025/09/semaines-sociales-de-france-99e-rencontre-annuelle-2025-rs-5-banniere-linkedin-2-scaled-1.jpg" alt="" class="wp-image-4376" srcset="https://solitude.saintefamille.fr/files/2025/09/semaines-sociales-de-france-99e-rencontre-annuelle-2025-rs-5-banniere-linkedin-2-scaled-1.jpg 2560w, https://solitude.saintefamille.fr/files/2025/09/semaines-sociales-de-france-99e-rencontre-annuelle-2025-rs-5-banniere-linkedin-2-scaled-1-300x51.jpg 300w, https://solitude.saintefamille.fr/files/2025/09/semaines-sociales-de-france-99e-rencontre-annuelle-2025-rs-5-banniere-linkedin-2-scaled-1-1024x174.jpg 1024w, https://solitude.saintefamille.fr/files/2025/09/semaines-sociales-de-france-99e-rencontre-annuelle-2025-rs-5-banniere-linkedin-2-scaled-1-768x130.jpg 768w, https://solitude.saintefamille.fr/files/2025/09/semaines-sociales-de-france-99e-rencontre-annuelle-2025-rs-5-banniere-linkedin-2-scaled-1-1536x260.jpg 1536w, https://solitude.saintefamille.fr/files/2025/09/semaines-sociales-de-france-99e-rencontre-annuelle-2025-rs-5-banniere-linkedin-2-scaled-1-2048x347.jpg 2048w" sizes="auto, (max-width: 2560px) 100vw, 2560px" /></a></figure>



<p></p>



<p class="has-text-color has-link-color wp-elements-e065d3a45930d7e15851ed93576b0ad7" style="color:#0b518a">Pour<strong>&nbsp;cette 99</strong><strong>ᵉ&nbsp;</strong><strong>rencontre annuelle</strong>&nbsp;des SSF, abordons le sujet de l’intelligence artificielle<strong>&nbsp;à la lumière de la pensée sociale chrétienne.</strong></p>



<p class="has-text-color has-background has-link-color wp-elements-bc62431fabd74983e5d716db7e31b159" style="color:#0b518a;background-color:#59acf045">L’Intelligence artificielle est faite de promesses et de menaces.<br>Des progrès scientifiques aux enjeux démocratiques, elle transforme nos vies en profondeur mais les frontières de ce nouveau monde sont encore impossibles à tracer.<br>Cette technologie participe aux bouleversements géopolitiques actuels. Elle questionne et rebat les enjeux de souveraineté des entreprises comme des États.<br>Outil de développement et d’accès aux savoirs, elle est aussi un défi pour les médias, au risque de la désinformation et des atteintes aux libertés.</p>



<p class="has-text-color has-background has-link-color wp-elements-06850c838b77c7cc3e7fd37c01b15bba" style="color:#0b518a;background-color:#59acf045">L’IA provoque la question de la vérité et ouvre un champ nouveau de questionnements éthiques et spirituels.</p>



<div class="wp-block-columns is-layout-flex wp-container-core-columns-is-layout-28f84493 wp-block-columns-is-layout-flex">
<div class="wp-block-column is-layout-flow wp-block-column-is-layout-flow" style="flex-basis:66.66%">
<p class="has-text-color has-link-color wp-elements-49be363dde4f9fb09a9ec7e39466785d" style="color:#0b518a"><strong>Quels jalons poser pour les artisans, les utilisateurs et les témoins de cette révolution ?<br>Existe-il une perspective chrétienne pour aider au discernement ?</strong></p>



<p class="has-custom-color-1-color has-text-color has-link-color wp-elements-b32a67141c7758312dbd2acbb8d5a283"><strong>Nous vous invitons à vivre ces semaines sociales à la Solitude en visioconférence</strong></p>
</div>



<div class="wp-block-column is-vertically-aligned-center is-layout-flow wp-block-column-is-layout-flow" style="flex-basis:33.33%">
<div class="wp-block-buttons is-layout-flex wp-block-buttons-is-layout-flex">
<div class="wp-block-button is-style-fill"><a class="wp-block-button__link wp-element-button" href="https://solitude.saintefamille.fr/?page_id=4382">plus d&rsquo;informations</a></div>
</div>
</div>
</div>

<p>SEMAINES SOCIALES DE FRANCE Pour&nbsp;cette 99ᵉ&nbsp;rencontre annuelle&nbsp;des SSF, abordons le sujet de l’intelligence artificielle&nbsp;à la lumière de la pensée sociale chrétienne. L’Intelligence artificielle est faite de promesses et de menaces.Des [&hellip;]</p>
