{"id":3890,"date":"2024-10-05T11:34:51","date_gmt":"2024-10-05T09:34:51","guid":{"rendered":"https:\/\/solitude.saintefamille.fr\/testnew\/?page_id=3890"},"modified":"2024-10-05T11:51:19","modified_gmt":"2024-10-05T09:51:19","slug":"fondation-pierre-bienvenu-noailles-3","status":"publish","type":"page","link":"https:\/\/solitude.saintefamille.fr\/?page_id=3890","title":{"rendered":"Fondation Pierre-Bienvenu NOAILLES"},"content":{"rendered":"\n<div class=\"wp-block-columns is-layout-flex wp-container-core-columns-is-layout-28f84493 wp-block-columns-is-layout-flex\">\n<div class=\"wp-block-column is-layout-flow wp-block-column-is-layout-flow\" style=\"flex-basis:100%\">\n<div class=\"wp-block-columns is-layout-flex wp-container-core-columns-is-layout-28f84493 wp-block-columns-is-layout-flex\">\n<div class=\"wp-block-column is-layout-flow wp-block-column-is-layout-flow\" style=\"flex-basis:33.33%\">\n<figure class=\"wp-block-image size-full is-resized\"><a href=\"https:\/\/solitude.saintefamille.fr\/wp-content\/blogs.dir\/3\/files\/2024\/10\/logo-fondation.jpg\"><img loading=\"lazy\" decoding=\"async\" width=\"257\" height=\"193\" src=\"https:\/\/solitude.saintefamille.fr\/wp-content\/blogs.dir\/3\/files\/2024\/10\/logo-fondation.jpg\" alt=\"\" class=\"wp-image-3892\" style=\"width:141px;height:auto\"\/><\/a><\/figure>\n<\/div>\n\n\n\n<div class=\"wp-block-column is-layout-flow wp-block-column-is-layout-flow\" style=\"flex-basis:66.66%\">\n<figure class=\"wp-block-image size-full is-resized\"><a href=\"https:\/\/solitude.saintefamille.fr\/wp-content\/blogs.dir\/3\/files\/2024\/09\/Image6.png\"><img loading=\"lazy\" decoding=\"async\" width=\"236\" height=\"236\" src=\"https:\/\/solitude.saintefamille.fr\/wp-content\/blogs.dir\/3\/files\/2024\/09\/Image6.png\" alt=\"\" class=\"wp-image-3609\" style=\"width:399px;height:auto\" srcset=\"https:\/\/solitude.saintefamille.fr\/files\/2024\/09\/Image6.png 236w, https:\/\/solitude.saintefamille.fr\/files\/2024\/09\/Image6-150x150.png 150w\" sizes=\"auto, (max-width: 236px) 100vw, 236px\" \/><\/a><\/figure>\n<\/div>\n<\/div>\n<\/div>\n<\/div>\n\n\n\n<div class=\"wp-block-group alignwide is-vertical is-layout-flex wp-container-core-group-is-layout-fe9cc265 wp-block-group-is-layout-flex\">\n<p class=\"has-background\" style=\"background-color:#dce7d1\"><strong>La FONDATION Pierre-Bienvenu&nbsp; NOAILLES a \u00e9t\u00e9&nbsp;<u>reconnue d\u2019Utilit\u00e9 Publique le 24 juillet 2013<\/u>.<\/strong><\/p>\n\n\n\n<p class=\"has-background\" style=\"background-color:#dce7d1\"><strong>Elle &nbsp;a pour but d\u2019apporter un soutien financier \u00e0 toute action humanitaire et de solidarit\u00e9 conduite directement ou indirectement par les S\u0153urs de la Sainte-Famille de Bordeaux .<\/strong><\/p>\n\n\n\n<p class=\"has-background\" style=\"background-color:#dce7d1\"><strong>Elle pourra \u00e0 ce titre, aider \u00e0 l\u2019accueil et \u00e0 la formation de ceux qui se consacrent \u00e0 cette action internationale<\/strong><\/p>\n\n\n\n<p><strong>\u200b<\/strong><\/p>\n\n\n\n<p class=\"has-accent-4-background-color has-background\"><strong>Lieux d&rsquo;interventions :<\/strong><\/p>\n\n\n\n<p class=\"has-accent-4-background-color has-background\"><strong>En Asie :&nbsp; Inde, &nbsp;Pakistan, Philippines, Sri Lanka, Malawi<br>En Afrique : Afrique du Sud, Cameroun, &nbsp;Lesotho,<br>R\u00e9publique D\u00e9mocratique du Congo, &nbsp;Ouganda, &nbsp;Rwanda, Tchad. Burkina Faso<br>En Am\u00e9rique Latine : Argentine, &nbsp;Br\u00e9sil, Paraguay, P\u00e9rou.<\/strong><\/p>\n<\/div>\n\n\n\n<p class=\"has-text-align-center\"><strong>Si\u00e8ge social de la Fondation<br>29 route de la Solitude<br>33650 MARTILLAC<\/strong><\/p>\n","protected":false},"excerpt":{"rendered":"<p>La FONDATION Pierre-Bienvenu&nbsp; NOAILLES a \u00e9t\u00e9&nbsp;reconnue d\u2019Utilit\u00e9 Publique le 24 juillet 2013. Elle &nbsp;a pour but d\u2019apporter un soutien financier \u00e0 toute action humanitaire et de solidarit\u00e9 conduite directement ou [&hellip;]<\/p>\n","protected":false},"author":1,"featured_media":0,"parent":3698,"menu_order":0,"comment_status":"closed","ping_status":"closed","template":"","meta":{"_acf_changed":false,"_EventAllDay":false,"_EventTimezone":"","_EventStartDate":"","_EventEndDate":"","_EventStartDateUTC":"","_EventEndDateUTC":"","_EventShowMap":false,"_EventShowMapLink":false,"_EventURL":"","_EventCost":"","_EventCostDescription":"","_EventCurrencySymbol":"","_EventCurrencyCode":"","_EventCurrencyPosition":"","_EventDateTimeSeparator":"","_EventTimeRangeSeparator":"","_EventOrganizerID":[],"_EventVenueID":[],"_OrganizerEmail":"","_OrganizerPhone":"","_OrganizerWebsite":"","_VenueAddress":"","_VenueCity":"","_VenueCountry":"","_VenueProvince":"","_VenueState":"","_VenueZip":"","_VenuePhone":"","_VenueURL":"","_VenueStateProvince":"","_VenueLat":"","_VenueLng":"","_VenueShowMap":false,"_VenueShowMapLink":false,"footnotes":""},"class_list":["post-3890","page","type-page","status-publish","hentry"],"acf":[],"_links":{"self":[{"href":"https:\/\/solitude.saintefamille.fr\/index.php?rest_route=\/wp\/v2\/pages\/3890","targetHints":{"allow":["GET"]}}],"collection":[{"href":"https:\/\/solitude.saintefamille.fr\/index.php?rest_route=\/wp\/v2\/pages"}],"about":[{"href":"https:\/\/solitude.saintefamille.fr\/index.php?rest_route=\/wp\/v2\/types\/page"}],"author":[{"embeddable":true,"href":"https:\/\/solitude.saintefamille.fr\/index.php?rest_route=\/wp\/v2\/users\/1"}],"replies":[{"embeddable":true,"href":"https:\/\/solitude.saintefamille.fr\/index.php?rest_route=%2Fwp%2Fv2%2Fcomments&post=3890"}],"version-history":[{"count":1,"href":"https:\/\/solitude.saintefamille.fr\/index.php?rest_route=\/wp\/v2\/pages\/3890\/revisions"}],"predecessor-version":[{"id":3893,"href":"https:\/\/solitude.saintefamille.fr\/index.php?rest_route=\/wp\/v2\/pages\/3890\/revisions\/3893"}],"up":[{"embeddable":true,"href":"https:\/\/solitude.saintefamille.fr\/index.php?rest_route=\/wp\/v2\/pages\/3698"}],"wp:attachment":[{"href":"https:\/\/solitude.saintefamille.fr\/index.php?rest_route=%2Fwp%2Fv2%2Fmedia&parent=3890"}],"curies":[{"name":"wp","href":"https:\/\/api.w.org\/{rel}","templated":true}]}}

<div class="wp-block-columns is-layout-flex wp-container-core-columns-is-layout-28f84493 wp-block-columns-is-layout-flex">
<div class="wp-block-column is-layout-flow wp-block-column-is-layout-flow" style="flex-basis:100%">
<div class="wp-block-columns is-layout-flex wp-container-core-columns-is-layout-28f84493 wp-block-columns-is-layout-flex">
<div class="wp-block-column is-layout-flow wp-block-column-is-layout-flow" style="flex-basis:33.33%">
<figure class="wp-block-image size-full is-resized"><a href="https://solitude.saintefamille.fr/wp-content/blogs.dir/3/files/2024/10/logo-fondation.jpg"><img loading="lazy" decoding="async" width="257" height="193" src="https://solitude.saintefamille.fr/wp-content/blogs.dir/3/files/2024/10/logo-fondation.jpg" alt="" class="wp-image-3892" style="width:141px;height:auto"/></a></figure>
</div>



<div class="wp-block-column is-layout-flow wp-block-column-is-layout-flow" style="flex-basis:66.66%">
<figure class="wp-block-image size-full is-resized"><a href="https://solitude.saintefamille.fr/wp-content/blogs.dir/3/files/2024/09/Image6.png"><img loading="lazy" decoding="async" width="236" height="236" src="https://solitude.saintefamille.fr/wp-content/blogs.dir/3/files/2024/09/Image6.png" alt="" class="wp-image-3609" style="width:399px;height:auto" srcset="https://solitude.saintefamille.fr/files/2024/09/Image6.png 236w, https://solitude.saintefamille.fr/files/2024/09/Image6-150x150.png 150w" sizes="auto, (max-width: 236px) 100vw, 236px" /></a></figure>
</div>
</div>
</div>
</div>



<div class="wp-block-group alignwide is-vertical is-layout-flex wp-container-core-group-is-layout-fe9cc265 wp-block-group-is-layout-flex">
<p class="has-background" style="background-color:#dce7d1"><strong>La FONDATION Pierre-Bienvenu&nbsp; NOAILLES a été&nbsp;<u>reconnue d’Utilité Publique le 24 juillet 2013</u>.</strong></p>



<p class="has-background" style="background-color:#dce7d1"><strong>Elle &nbsp;a pour but d’apporter un soutien financier à toute action humanitaire et de solidarité conduite directement ou indirectement par les Sœurs de la Sainte-Famille de Bordeaux .</strong></p>



<p class="has-background" style="background-color:#dce7d1"><strong>Elle pourra à ce titre, aider à l’accueil et à la formation de ceux qui se consacrent à cette action internationale</strong></p>



<p><strong>​</strong></p>



<p class="has-accent-4-background-color has-background"><strong>Lieux d&rsquo;interventions :</strong></p>



<p class="has-accent-4-background-color has-background"><strong>En Asie :&nbsp; Inde, &nbsp;Pakistan, Philippines, Sri Lanka, Malawi<br>En Afrique : Afrique du Sud, Cameroun, &nbsp;Lesotho,<br>République Démocratique du Congo, &nbsp;Ouganda, &nbsp;Rwanda, Tchad. Burkina Faso<br>En Amérique Latine : Argentine, &nbsp;Brésil, Paraguay, Pérou.</strong></p>
</div>



<p class="has-text-align-center"><strong>Siège social de la Fondation<br>29 route de la Solitude<br>33650 MARTILLAC</strong></p>

<p>La FONDATION Pierre-Bienvenu&nbsp; NOAILLES a été&nbsp;reconnue d’Utilité Publique le 24 juillet 2013. Elle &nbsp;a pour but d’apporter un soutien financier à toute action humanitaire et de solidarité conduite directement ou [&hellip;]</p>
