{"id":4009,"date":"2024-12-13T20:02:08","date_gmt":"2024-12-13T18:02:08","guid":{"rendered":"https:\/\/solitude.saintefamille.fr\/?page_id=4009"},"modified":"2025-11-08T23:33:15","modified_gmt":"2025-11-08T21:33:15","slug":"retraites-2","status":"publish","type":"page","link":"https:\/\/solitude.saintefamille.fr\/?page_id=4009","title":{"rendered":"Retraites"},"content":{"rendered":"\n<p><\/p>\n\n\n\n<div class=\"wp-block-group is-nowrap is-layout-flex wp-container-core-group-is-layout-6c531013 wp-block-group-is-layout-flex\">\n<h2 class=\"wp-block-heading\"><strong>Cet \u00e9t\u00e9 \u00e0 la Solitude:<\/strong><\/h2>\n<\/div>\n\n\n\n<div class=\"wp-block-group is-vertical is-layout-flex wp-container-core-group-is-layout-fe9cc265 wp-block-group-is-layout-flex\">\n<div class=\"wp-block-group is-nowrap is-layout-flex wp-container-core-group-is-layout-6c531013 wp-block-group-is-layout-flex\">\n<figure class=\"wp-block-image size-full\"><a href=\"https:\/\/solitude.saintefamille.fr\/files\/2025\/11\/retraite-G-Cottin.png\"><img loading=\"lazy\" decoding=\"async\" width=\"572\" height=\"509\" src=\"https:\/\/solitude.saintefamille.fr\/files\/2025\/11\/retraite-G-Cottin.png\" alt=\"\" class=\"wp-image-4419\" srcset=\"https:\/\/solitude.saintefamille.fr\/files\/2025\/11\/retraite-G-Cottin.png 572w, https:\/\/solitude.saintefamille.fr\/files\/2025\/11\/retraite-G-Cottin-300x267.png 300w\" sizes=\"auto, (max-width: 572px) 100vw, 572px\" \/><\/a><\/figure>\n\n\n\n<div class=\"wp-block-group is-vertical is-content-justification-center is-layout-flex wp-container-core-group-is-layout-ce155fab wp-block-group-is-layout-flex\">\n<h2 class=\"wp-block-heading has-text-align-center has-text-color has-link-color wp-elements-a4432bb756f6626c710a7300b8bdb55a\" style=\"color:#295c07\"><strong><em>Retrouver le go\u00fbt de chaque sacrement<\/em><\/strong><\/h2>\n\n\n\n<p class=\"has-text-align-center has-text-color has-link-color has-medium-font-size wp-elements-6d3cc905774c19686729ebc7e03e5696\" style=\"color:#295c07\"><strong>du 20(18h) au 26(10h) <\/strong><\/p>\n\n\n\n<p class=\"has-text-align-center has-text-color has-link-color has-medium-font-size wp-elements-7a4844a5c27caa45c0d36f18f93254f2\" style=\"color:#295c07\"><strong>Juillet 2026<\/strong><\/p>\n\n\n\n<div class=\"wp-block-buttons is-content-justification-center is-layout-flex wp-container-core-buttons-is-layout-a89b3969 wp-block-buttons-is-layout-flex\">\n<div class=\"wp-block-button has-custom-width wp-block-button__width-100\"><a class=\"wp-block-button__link has-base-color has-contrast-2-background-color has-text-color has-background has-link-color has-small-font-size has-custom-font-size wp-element-button\" href=\"https:\/\/solitude.saintefamille.fr\/?page_id=4034\">Demande d&rsquo;information&#8230;<\/a><\/div>\n<\/div>\n<\/div>\n<\/div>\n<\/div>\n\n\n\n<p class=\"has-text-align-center has-text-color has-link-color wp-elements-c11018d8edb40136e4d147ec41834639\" style=\"color:#295c07\"><strong>Retraite avec possibilit\u00e9 d&rsquo;accompagnement<\/strong><\/p>\n\n\n\n<p class=\"has-text-align-center has-text-color has-link-color wp-elements-9e2594fcf0c31807b1f4195e39978a20\" style=\"color:#295c07\"><strong>P\u00e8re Georges COTTIN, J\u00e9suite<\/strong><\/p>\n\n\n\n<p class=\"has-accent-3-color has-text-color has-link-color wp-elements-5980c79001eade2ed086c8129e27619f\"><\/p>\n\n\n\n<hr class=\"wp-block-separator has-alpha-channel-opacity\"\/>\n\n\n\n<div style=\"height:22px\" aria-hidden=\"true\" class=\"wp-block-spacer\"><\/div>\n\n\n\n<div class=\"wp-block-group is-nowrap is-layout-flex wp-container-core-group-is-layout-6c531013 wp-block-group-is-layout-flex\">\n<figure class=\"wp-block-image size-full is-resized\"><a href=\"https:\/\/solitude.saintefamille.fr\/files\/2025\/11\/ob_9fdc69_fils-veuve-naim.jpg\"><img loading=\"lazy\" decoding=\"async\" width=\"300\" height=\"299\" src=\"https:\/\/solitude.saintefamille.fr\/files\/2025\/11\/ob_9fdc69_fils-veuve-naim.jpg\" alt=\"\" class=\"wp-image-4440\" style=\"aspect-ratio:1.7777777777777777;object-fit:cover;width:359px;height:auto\" srcset=\"https:\/\/solitude.saintefamille.fr\/files\/2025\/11\/ob_9fdc69_fils-veuve-naim.jpg 300w, https:\/\/solitude.saintefamille.fr\/files\/2025\/11\/ob_9fdc69_fils-veuve-naim-150x150.jpg 150w\" sizes=\"auto, (max-width: 300px) 100vw, 300px\" \/><\/a><\/figure>\n\n\n\n<div class=\"wp-block-group is-nowrap is-layout-flex wp-container-core-group-is-layout-6c531013 wp-block-group-is-layout-flex\">\n<div class=\"wp-block-group is-nowrap is-layout-flex wp-container-core-group-is-layout-6c531013 wp-block-group-is-layout-flex\">\n<h2 class=\"wp-block-heading has-text-align-center has-text-color has-link-color wp-elements-f191cce5f7fbbb65fbdf12ca7bdfc31d\" style=\"color:#5b483a\">\u00a0<strong>\u00ab\u00a0Sortir de nos cercueils\u00a0\u00bb<\/strong><\/h2>\n<\/div>\n<\/div>\n<\/div>\n\n\n\n<div class=\"wp-block-columns is-layout-flex wp-container-core-columns-is-layout-28f84493 wp-block-columns-is-layout-flex\">\n<div class=\"wp-block-column is-layout-flow wp-block-column-is-layout-flow\" style=\"flex-basis:66.66%\">\n<p class=\"has-text-align-center has-text-color has-link-color wp-elements-d69eebd2e3eaba9a2eed029f88a9722d\" style=\"color:#5b483a\"><strong>Du 18(18h) au 24 (9h) ao\u00fbt<\/strong> <strong>2026<\/strong><\/p>\n\n\n\n<p class=\"has-text-align-center has-text-color has-link-color wp-elements-fddeacf7b28da7c3123433fe9139c6bf\" style=\"color:#5b483a\"><strong>P\u00e8re Francis GOOSSENS, <\/strong><\/p>\n\n\n\n<p class=\"has-text-align-center has-text-color has-link-color wp-elements-4ac6062f9b0be07c39d38bf64e45ffe5\" style=\"color:#5b483a\"><strong>religieux-pr\u00eatre marianiste<\/strong><\/p>\n\n\n\n<p class=\"has-text-align-center has-text-color has-link-color wp-elements-408d653793f10ba7de6a0522231e6593\" style=\"color:#5b483a\"><strong>Retraite \u00e0 partir de l&rsquo;\u00e9vangile de Luc 7, 11-17<\/strong><\/p>\n<\/div>\n\n\n\n<div class=\"wp-block-column is-layout-flow wp-block-column-is-layout-flow\">\n<div class=\"wp-block-buttons is-layout-flex wp-block-buttons-is-layout-flex\">\n<div class=\"wp-block-button\"><a class=\"wp-block-button__link wp-element-button\" href=\"https:\/\/solitude.saintefamille.fr\/?page_id=4086\">Plus d&rsquo;information<\/a><\/div>\n<\/div>\n<\/div>\n<\/div>\n\n\n\n<p><\/p>\n","protected":false},"excerpt":{"rendered":"<p>Cet \u00e9t\u00e9 \u00e0 la Solitude: Retrouver le go\u00fbt de chaque sacrement du 20(18h) au 26(10h) Juillet 2026 Retraite avec possibilit\u00e9 d&rsquo;accompagnement P\u00e8re Georges COTTIN, J\u00e9suite \u00a0\u00ab\u00a0Sortir de nos cercueils\u00a0\u00bb Du [&hellip;]<\/p>\n","protected":false},"author":1,"featured_media":0,"parent":3376,"menu_order":0,"comment_status":"closed","ping_status":"closed","template":"","meta":{"_acf_changed":false,"_EventAllDay":false,"_EventTimezone":"","_EventStartDate":"","_EventEndDate":"","_EventStartDateUTC":"","_EventEndDateUTC":"","_EventShowMap":false,"_EventShowMapLink":false,"_EventURL":"","_EventCost":"","_EventCostDescription":"","_EventCurrencySymbol":"","_EventCurrencyCode":"","_EventCurrencyPosition":"","_EventDateTimeSeparator":"","_EventTimeRangeSeparator":"","_EventOrganizerID":[],"_EventVenueID":[],"_OrganizerEmail":"","_OrganizerPhone":"","_OrganizerWebsite":"","_VenueAddress":"","_VenueCity":"","_VenueCountry":"","_VenueProvince":"","_VenueState":"","_VenueZip":"","_VenuePhone":"","_VenueURL":"","_VenueStateProvince":"","_VenueLat":"","_VenueLng":"","_VenueShowMap":false,"_VenueShowMapLink":false,"footnotes":""},"class_list":["post-4009","page","type-page","status-publish","hentry"],"acf":[],"_links":{"self":[{"href":"https:\/\/solitude.saintefamille.fr\/index.php?rest_route=\/wp\/v2\/pages\/4009","targetHints":{"allow":["GET"]}}],"collection":[{"href":"https:\/\/solitude.saintefamille.fr\/index.php?rest_route=\/wp\/v2\/pages"}],"about":[{"href":"https:\/\/solitude.saintefamille.fr\/index.php?rest_route=\/wp\/v2\/types\/page"}],"author":[{"embeddable":true,"href":"https:\/\/solitude.saintefamille.fr\/index.php?rest_route=\/wp\/v2\/users\/1"}],"replies":[{"embeddable":true,"href":"https:\/\/solitude.saintefamille.fr\/index.php?rest_route=%2Fwp%2Fv2%2Fcomments&post=4009"}],"version-history":[{"count":23,"href":"https:\/\/solitude.saintefamille.fr\/index.php?rest_route=\/wp\/v2\/pages\/4009\/revisions"}],"predecessor-version":[{"id":4441,"href":"https:\/\/solitude.saintefamille.fr\/index.php?rest_route=\/wp\/v2\/pages\/4009\/revisions\/4441"}],"up":[{"embeddable":true,"href":"https:\/\/solitude.saintefamille.fr\/index.php?rest_route=\/wp\/v2\/pages\/3376"}],"wp:attachment":[{"href":"https:\/\/solitude.saintefamille.fr\/index.php?rest_route=%2Fwp%2Fv2%2Fmedia&parent=4009"}],"curies":[{"name":"wp","href":"https:\/\/api.w.org\/{rel}","templated":true}]}}