{"id":4268,"date":"2025-05-04T16:27:49","date_gmt":"2025-05-04T14:27:49","guid":{"rendered":"https:\/\/solitude.saintefamille.fr\/?page_id=4268"},"modified":"2025-05-06T15:29:51","modified_gmt":"2025-05-06T13:29:51","slug":"fete-des-continents","status":"publish","type":"page","link":"https:\/\/solitude.saintefamille.fr\/?page_id=4268","title":{"rendered":"F\u00caTE DES CONTINENTS"},"content":{"rendered":"\n<p class=\"has-custom-color-1-color has-text-color has-link-color wp-elements-8e30aef9722b7de0fdd58243f5ec5305\"><strong>En ce 4 Mai, nous c\u00e9l\u00e9brons la richesse et la diversit\u00e9 de nos cultures sur les diff\u00e9rents continents.<\/strong><\/p>\n\n\n\n<p class=\"has-custom-color-1-color has-text-color has-link-color wp-elements-b953132a810d008d46a6b8b6bc205e5c\"><strong>La pr\u00e9sence des 27 s\u0153urs de la Sainte Famille venues de 17 pays et de 3 continents pour une session de Formation Continue donne \u00e0 cette f\u00eate sens et couleur. &nbsp;<\/strong><\/p>\n\n\n\n<p class=\"has-custom-color-1-color has-text-color has-link-color wp-elements-0c2d30e027a0e1fc49e19deeb202b0b4\"><strong>Pour Pierre-Bienvenu Noailles&nbsp;:\u00ab&nbsp;Construire l\u2019unit\u00e9 dans la diversit\u00e9&nbsp;\u00bb \u00e9tait au c\u0153ur m\u00eame du charisme de communion qu\u2019il a transmis \u00e0 sa Famille spirituelle et le Pape Fran\u00e7ois n\u2019a cess\u00e9 de nous encourager dans le m\u00eame sens.<\/strong><\/p>\n\n\n\n<figure class=\"wp-block-image size-large\"><a href=\"https:\/\/solitude.saintefamille.fr\/files\/2025\/05\/4_mai_2025.jpg\"><img loading=\"lazy\" decoding=\"async\" width=\"724\" height=\"1024\" src=\"https:\/\/solitude.saintefamille.fr\/files\/2025\/05\/4_mai_2025-724x1024.jpg\" alt=\"\" class=\"wp-image-4266\" srcset=\"https:\/\/solitude.saintefamille.fr\/files\/2025\/05\/4_mai_2025-724x1024.jpg 724w, https:\/\/solitude.saintefamille.fr\/files\/2025\/05\/4_mai_2025-212x300.jpg 212w, https:\/\/solitude.saintefamille.fr\/files\/2025\/05\/4_mai_2025-768x1086.jpg 768w, https:\/\/solitude.saintefamille.fr\/files\/2025\/05\/4_mai_2025-1086x1536.jpg 1086w, https:\/\/solitude.saintefamille.fr\/files\/2025\/05\/4_mai_2025.jpg 1240w\" sizes=\"auto, (max-width: 724px) 100vw, 724px\" \/><\/a><\/figure>\n\n\n\n<p class=\"has-text-align-center has-custom-color-1-color has-text-color has-link-color wp-elements-481ae346240d5a3896255a9e52010774\" style=\"margin-right:0;margin-left:0\"><strong>Nous avons la joie d\u2019accueillir deux groupes&nbsp;musicaux&nbsp;:<\/strong><\/p>\n\n\n\n<p class=\"has-text-align-center has-custom-color-1-color has-text-color has-link-color wp-elements-17a8efb63df4b24c5247dda27588e7c0\"><strong>\u00ab&nbsp;Los Soles&nbsp;\u00bb<\/strong><\/p>\n\n\n\n<p class=\"has-text-align-center has-custom-color-1-color has-text-color has-link-color wp-elements-f90074ccbd8288067188b7249a6ea095\"><strong>Et le groupe vocal Syrinx<\/strong><\/p>\n\n\n\n<p class=\"has-text-align-center has-custom-color-1-color has-text-color has-link-color wp-elements-341da4db15952a08e136821752d604d8\"><strong>Dont la cheffe de ch\u0153ur est Marie-Anne Mazeau<\/strong><\/p>\n\n\n\n<p class=\"has-custom-color-1-color has-text-color has-link-color wp-elements-4a2324f7b962baeaec4e4b2592209b3f\"><strong>Ils interpr\u00e8tent la \u00ab&nbsp;Misa por un continente&nbsp;\u00bb qui d\u00e9nonce l\u2019oppression des dictatures en Am\u00e9rique Latine.<\/strong><\/p>\n\n\n\n<p class=\"has-custom-color-1-color has-text-color has-link-color wp-elements-b97eb216361d49c31c28f034e54b0b19\"><strong>Nous venons de dire A-Dieu \u00e0 notre Pape Argentin, Fran\u00e7ois qui a v\u00e9cu ces terribles moments et nous voulons lui rendre hommage ainsi qu\u2019\u00e0 tous ceux et celles qui ont lutt\u00e9 et luttent encore pour la lib\u00e9ration, la justice, la paix au prix de leur vie<\/strong><\/p>\n\n\n\n<p class=\"has-custom-color-1-color has-text-color has-link-color wp-elements-cce61372d869341d390884dbfa29da9a\"><strong>Nous nous rappelons de nos s\u0153urs d\u2019 Am\u00e9rique latine qui ont v\u00e9cu ces ann\u00e9es noires et partag\u00e9 la souffrance du peuple sous les effets de la dictature.<\/strong><\/p>\n\n\n\n<p class=\"has-custom-color-1-color has-text-color has-link-color wp-elements-13c58a1e06fe8069e7801a349555a75c\"><strong>Mais ce que nous voulons retenir, c\u2019est l\u2019immense Esp\u00e9rance qui a tenu ces peuples en marche, le r\u00f4le d\u2019une Eglise engag\u00e9e avec les plus pauvres et dont la voix a su, dans ces moments, se faire entendre.<\/strong><\/p>\n\n\n\n<p class=\"has-custom-color-1-color has-text-color has-link-color wp-elements-d177831e1d43d766d56169d4f04efce1\"><strong>Aujourd\u2019hui d\u2019autres continents vivent des situations de guerre, d\u2019oppression et nous voulons d\u00e9fendre la dignit\u00e9 de chaque personne humaine cr\u00e9\u00e9e \u00e0 la ressemblance de Dieu.<\/strong><\/p>\n\n\n\n<div class=\"wp-block-columns is-layout-flex wp-container-core-columns-is-layout-28f84493 wp-block-columns-is-layout-flex\">\n<div class=\"wp-block-column is-layout-flow wp-block-column-is-layout-flow\">\n<figure class=\"wp-block-image size-large\"><a href=\"https:\/\/solitude.saintefamille.fr\/files\/2025\/05\/WhatsApp-Image-2025-05-06-a-13.26.07_8cc49184.jpg\"><img loading=\"lazy\" decoding=\"async\" width=\"1024\" height=\"768\" src=\"https:\/\/solitude.saintefamille.fr\/files\/2025\/05\/WhatsApp-Image-2025-05-06-a-13.26.07_8cc49184-1024x768.jpg\" alt=\"\" class=\"wp-image-4276\" srcset=\"https:\/\/solitude.saintefamille.fr\/files\/2025\/05\/WhatsApp-Image-2025-05-06-a-13.26.07_8cc49184-1024x768.jpg 1024w, https:\/\/solitude.saintefamille.fr\/files\/2025\/05\/WhatsApp-Image-2025-05-06-a-13.26.07_8cc49184-300x225.jpg 300w, https:\/\/solitude.saintefamille.fr\/files\/2025\/05\/WhatsApp-Image-2025-05-06-a-13.26.07_8cc49184-768x576.jpg 768w, https:\/\/solitude.saintefamille.fr\/files\/2025\/05\/WhatsApp-Image-2025-05-06-a-13.26.07_8cc49184-1536x1152.jpg 1536w, https:\/\/solitude.saintefamille.fr\/files\/2025\/05\/WhatsApp-Image-2025-05-06-a-13.26.07_8cc49184.jpg 2040w\" sizes=\"auto, (max-width: 1024px) 100vw, 1024px\" \/><\/a><\/figure>\n<\/div>\n\n\n\n<div class=\"wp-block-column is-layout-flow wp-block-column-is-layout-flow\">\n<figure class=\"wp-block-image size-large\"><a href=\"https:\/\/solitude.saintefamille.fr\/files\/2025\/05\/WhatsApp-Image-2025-05-06-a-13.26.07_f3f05e45.jpg\"><img loading=\"lazy\" decoding=\"async\" width=\"1024\" height=\"768\" src=\"https:\/\/solitude.saintefamille.fr\/files\/2025\/05\/WhatsApp-Image-2025-05-06-a-13.26.07_f3f05e45-1024x768.jpg\" alt=\"\" class=\"wp-image-4277\" srcset=\"https:\/\/solitude.saintefamille.fr\/files\/2025\/05\/WhatsApp-Image-2025-05-06-a-13.26.07_f3f05e45-1024x768.jpg 1024w, https:\/\/solitude.saintefamille.fr\/files\/2025\/05\/WhatsApp-Image-2025-05-06-a-13.26.07_f3f05e45-300x225.jpg 300w, https:\/\/solitude.saintefamille.fr\/files\/2025\/05\/WhatsApp-Image-2025-05-06-a-13.26.07_f3f05e45-768x576.jpg 768w, https:\/\/solitude.saintefamille.fr\/files\/2025\/05\/WhatsApp-Image-2025-05-06-a-13.26.07_f3f05e45-1536x1152.jpg 1536w, https:\/\/solitude.saintefamille.fr\/files\/2025\/05\/WhatsApp-Image-2025-05-06-a-13.26.07_f3f05e45.jpg 2040w\" sizes=\"auto, (max-width: 1024px) 100vw, 1024px\" \/><\/a><\/figure>\n<\/div>\n\n\n\n<div class=\"wp-block-column is-layout-flow wp-block-column-is-layout-flow\">\n<figure class=\"wp-block-image size-large\"><a href=\"https:\/\/solitude.saintefamille.fr\/files\/2025\/05\/WhatsApp-Image-2025-05-06-a-13.29.16_a6a25699.jpg\"><img loading=\"lazy\" decoding=\"async\" width=\"768\" height=\"1024\" src=\"https:\/\/solitude.saintefamille.fr\/files\/2025\/05\/WhatsApp-Image-2025-05-06-a-13.29.16_a6a25699-768x1024.jpg\" alt=\"\" class=\"wp-image-4279\" srcset=\"https:\/\/solitude.saintefamille.fr\/files\/2025\/05\/WhatsApp-Image-2025-05-06-a-13.29.16_a6a25699-768x1024.jpg 768w, https:\/\/solitude.saintefamille.fr\/files\/2025\/05\/WhatsApp-Image-2025-05-06-a-13.29.16_a6a25699-225x300.jpg 225w, https:\/\/solitude.saintefamille.fr\/files\/2025\/05\/WhatsApp-Image-2025-05-06-a-13.29.16_a6a25699-1152x1536.jpg 1152w, https:\/\/solitude.saintefamille.fr\/files\/2025\/05\/WhatsApp-Image-2025-05-06-a-13.29.16_a6a25699.jpg 1536w\" sizes=\"auto, (max-width: 768px) 100vw, 768px\" \/><\/a><\/figure>\n\n\n\n<div class=\"wp-block-columns is-layout-flex wp-container-core-columns-is-layout-28f84493 wp-block-columns-is-layout-flex\">\n<div class=\"wp-block-column is-layout-flow wp-block-column-is-layout-flow\"><\/div>\n\n\n\n<div class=\"wp-block-column is-layout-flow wp-block-column-is-layout-flow\"><\/div>\n<\/div>\n<\/div>\n<\/div>\n","protected":false},"excerpt":{"rendered":"<p>En ce 4 Mai, nous c\u00e9l\u00e9brons la richesse et la diversit\u00e9 de nos cultures sur les diff\u00e9rents continents. La pr\u00e9sence des 27 s\u0153urs de la Sainte Famille venues de 17 [&hellip;]<\/p>\n","protected":false},"author":1,"featured_media":0,"parent":3874,"menu_order":0,"comment_status":"closed","ping_status":"closed","template":"","meta":{"_acf_changed":false,"_EventAllDay":false,"_EventTimezone":"","_EventStartDate":"","_EventEndDate":"","_EventStartDateUTC":"","_EventEndDateUTC":"","_EventShowMap":false,"_EventShowMapLink":false,"_EventURL":"","_EventCost":"","_EventCostDescription":"","_EventCurrencySymbol":"","_EventCurrencyCode":"","_EventCurrencyPosition":"","_EventDateTimeSeparator":"","_EventTimeRangeSeparator":"","_EventOrganizerID":[],"_EventVenueID":[],"_OrganizerEmail":"","_OrganizerPhone":"","_OrganizerWebsite":"","_VenueAddress":"","_VenueCity":"","_VenueCountry":"","_VenueProvince":"","_VenueState":"","_VenueZip":"","_VenuePhone":"","_VenueURL":"","_VenueStateProvince":"","_VenueLat":"","_VenueLng":"","_VenueShowMap":false,"_VenueShowMapLink":false,"footnotes":""},"class_list":["post-4268","page","type-page","status-publish","hentry"],"acf":[],"_links":{"self":[{"href":"https:\/\/solitude.saintefamille.fr\/index.php?rest_route=\/wp\/v2\/pages\/4268","targetHints":{"allow":["GET"]}}],"collection":[{"href":"https:\/\/solitude.saintefamille.fr\/index.php?rest_route=\/wp\/v2\/pages"}],"about":[{"href":"https:\/\/solitude.saintefamille.fr\/index.php?rest_route=\/wp\/v2\/types\/page"}],"author":[{"embeddable":true,"href":"https:\/\/solitude.saintefamille.fr\/index.php?rest_route=\/wp\/v2\/users\/1"}],"replies":[{"embeddable":true,"href":"https:\/\/solitude.saintefamille.fr\/index.php?rest_route=%2Fwp%2Fv2%2Fcomments&post=4268"}],"version-history":[{"count":2,"href":"https:\/\/solitude.saintefamille.fr\/index.php?rest_route=\/wp\/v2\/pages\/4268\/revisions"}],"predecessor-version":[{"id":4280,"href":"https:\/\/solitude.saintefamille.fr\/index.php?rest_route=\/wp\/v2\/pages\/4268\/revisions\/4280"}],"up":[{"embeddable":true,"href":"https:\/\/solitude.saintefamille.fr\/index.php?rest_route=\/wp\/v2\/pages\/3874"}],"wp:attachment":[{"href":"https:\/\/solitude.saintefamille.fr\/index.php?rest_route=%2Fwp%2Fv2%2Fmedia&parent=4268"}],"curies":[{"name":"wp","href":"https:\/\/api.w.org\/{rel}","templated":true}]}}

FÊTE DES CONTINENTS

<p class="has-custom-color-1-color has-text-color has-link-color wp-elements-8e30aef9722b7de0fdd58243f5ec5305"><strong>En ce 4 Mai, nous célébrons la richesse et la diversité de nos cultures sur les différents continents.</strong></p>



<p class="has-custom-color-1-color has-text-color has-link-color wp-elements-b953132a810d008d46a6b8b6bc205e5c"><strong>La présence des 27 sœurs de la Sainte Famille venues de 17 pays et de 3 continents pour une session de Formation Continue donne à cette fête sens et couleur. &nbsp;</strong></p>



<p class="has-custom-color-1-color has-text-color has-link-color wp-elements-0c2d30e027a0e1fc49e19deeb202b0b4"><strong>Pour Pierre-Bienvenu Noailles&nbsp;:«&nbsp;Construire l’unité dans la diversité&nbsp;» était au cœur même du charisme de communion qu’il a transmis à sa Famille spirituelle et le Pape François n’a cessé de nous encourager dans le même sens.</strong></p>



<figure class="wp-block-image size-large"><a href="https://solitude.saintefamille.fr/files/2025/05/4_mai_2025.jpg"><img loading="lazy" decoding="async" width="724" height="1024" src="https://solitude.saintefamille.fr/files/2025/05/4_mai_2025-724x1024.jpg" alt="" class="wp-image-4266" srcset="https://solitude.saintefamille.fr/files/2025/05/4_mai_2025-724x1024.jpg 724w, https://solitude.saintefamille.fr/files/2025/05/4_mai_2025-212x300.jpg 212w, https://solitude.saintefamille.fr/files/2025/05/4_mai_2025-768x1086.jpg 768w, https://solitude.saintefamille.fr/files/2025/05/4_mai_2025-1086x1536.jpg 1086w, https://solitude.saintefamille.fr/files/2025/05/4_mai_2025.jpg 1240w" sizes="auto, (max-width: 724px) 100vw, 724px" /></a></figure>



<p class="has-text-align-center has-custom-color-1-color has-text-color has-link-color wp-elements-481ae346240d5a3896255a9e52010774" style="margin-right:0;margin-left:0"><strong>Nous avons la joie d’accueillir deux groupes&nbsp;musicaux&nbsp;:</strong></p>



<p class="has-text-align-center has-custom-color-1-color has-text-color has-link-color wp-elements-17a8efb63df4b24c5247dda27588e7c0"><strong>«&nbsp;Los Soles&nbsp;»</strong></p>



<p class="has-text-align-center has-custom-color-1-color has-text-color has-link-color wp-elements-f90074ccbd8288067188b7249a6ea095"><strong>Et le groupe vocal Syrinx</strong></p>



<p class="has-text-align-center has-custom-color-1-color has-text-color has-link-color wp-elements-341da4db15952a08e136821752d604d8"><strong>Dont la cheffe de chœur est Marie-Anne Mazeau</strong></p>



<p class="has-custom-color-1-color has-text-color has-link-color wp-elements-4a2324f7b962baeaec4e4b2592209b3f"><strong>Ils interprètent la «&nbsp;Misa por un continente&nbsp;» qui dénonce l’oppression des dictatures en Amérique Latine.</strong></p>



<p class="has-custom-color-1-color has-text-color has-link-color wp-elements-b97eb216361d49c31c28f034e54b0b19"><strong>Nous venons de dire A-Dieu à notre Pape Argentin, François qui a vécu ces terribles moments et nous voulons lui rendre hommage ainsi qu’à tous ceux et celles qui ont lutté et luttent encore pour la libération, la justice, la paix au prix de leur vie</strong></p>



<p class="has-custom-color-1-color has-text-color has-link-color wp-elements-cce61372d869341d390884dbfa29da9a"><strong>Nous nous rappelons de nos sœurs d’ Amérique latine qui ont vécu ces années noires et partagé la souffrance du peuple sous les effets de la dictature.</strong></p>



<p class="has-custom-color-1-color has-text-color has-link-color wp-elements-13c58a1e06fe8069e7801a349555a75c"><strong>Mais ce que nous voulons retenir, c’est l’immense Espérance qui a tenu ces peuples en marche, le rôle d’une Eglise engagée avec les plus pauvres et dont la voix a su, dans ces moments, se faire entendre.</strong></p>



<p class="has-custom-color-1-color has-text-color has-link-color wp-elements-d177831e1d43d766d56169d4f04efce1"><strong>Aujourd’hui d’autres continents vivent des situations de guerre, d’oppression et nous voulons défendre la dignité de chaque personne humaine créée à la ressemblance de Dieu.</strong></p>



<div class="wp-block-columns is-layout-flex wp-container-core-columns-is-layout-28f84493 wp-block-columns-is-layout-flex">
<div class="wp-block-column is-layout-flow wp-block-column-is-layout-flow">
<figure class="wp-block-image size-large"><a href="https://solitude.saintefamille.fr/files/2025/05/WhatsApp-Image-2025-05-06-a-13.26.07_8cc49184.jpg"><img loading="lazy" decoding="async" width="1024" height="768" src="https://solitude.saintefamille.fr/files/2025/05/WhatsApp-Image-2025-05-06-a-13.26.07_8cc49184-1024x768.jpg" alt="" class="wp-image-4276" srcset="https://solitude.saintefamille.fr/files/2025/05/WhatsApp-Image-2025-05-06-a-13.26.07_8cc49184-1024x768.jpg 1024w, https://solitude.saintefamille.fr/files/2025/05/WhatsApp-Image-2025-05-06-a-13.26.07_8cc49184-300x225.jpg 300w, https://solitude.saintefamille.fr/files/2025/05/WhatsApp-Image-2025-05-06-a-13.26.07_8cc49184-768x576.jpg 768w, https://solitude.saintefamille.fr/files/2025/05/WhatsApp-Image-2025-05-06-a-13.26.07_8cc49184-1536x1152.jpg 1536w, https://solitude.saintefamille.fr/files/2025/05/WhatsApp-Image-2025-05-06-a-13.26.07_8cc49184.jpg 2040w" sizes="auto, (max-width: 1024px) 100vw, 1024px" /></a></figure>
</div>



<div class="wp-block-column is-layout-flow wp-block-column-is-layout-flow">
<figure class="wp-block-image size-large"><a href="https://solitude.saintefamille.fr/files/2025/05/WhatsApp-Image-2025-05-06-a-13.26.07_f3f05e45.jpg"><img loading="lazy" decoding="async" width="1024" height="768" src="https://solitude.saintefamille.fr/files/2025/05/WhatsApp-Image-2025-05-06-a-13.26.07_f3f05e45-1024x768.jpg" alt="" class="wp-image-4277" srcset="https://solitude.saintefamille.fr/files/2025/05/WhatsApp-Image-2025-05-06-a-13.26.07_f3f05e45-1024x768.jpg 1024w, https://solitude.saintefamille.fr/files/2025/05/WhatsApp-Image-2025-05-06-a-13.26.07_f3f05e45-300x225.jpg 300w, https://solitude.saintefamille.fr/files/2025/05/WhatsApp-Image-2025-05-06-a-13.26.07_f3f05e45-768x576.jpg 768w, https://solitude.saintefamille.fr/files/2025/05/WhatsApp-Image-2025-05-06-a-13.26.07_f3f05e45-1536x1152.jpg 1536w, https://solitude.saintefamille.fr/files/2025/05/WhatsApp-Image-2025-05-06-a-13.26.07_f3f05e45.jpg 2040w" sizes="auto, (max-width: 1024px) 100vw, 1024px" /></a></figure>
</div>



<div class="wp-block-column is-layout-flow wp-block-column-is-layout-flow">
<figure class="wp-block-image size-large"><a href="https://solitude.saintefamille.fr/files/2025/05/WhatsApp-Image-2025-05-06-a-13.29.16_a6a25699.jpg"><img loading="lazy" decoding="async" width="768" height="1024" src="https://solitude.saintefamille.fr/files/2025/05/WhatsApp-Image-2025-05-06-a-13.29.16_a6a25699-768x1024.jpg" alt="" class="wp-image-4279" srcset="https://solitude.saintefamille.fr/files/2025/05/WhatsApp-Image-2025-05-06-a-13.29.16_a6a25699-768x1024.jpg 768w, https://solitude.saintefamille.fr/files/2025/05/WhatsApp-Image-2025-05-06-a-13.29.16_a6a25699-225x300.jpg 225w, https://solitude.saintefamille.fr/files/2025/05/WhatsApp-Image-2025-05-06-a-13.29.16_a6a25699-1152x1536.jpg 1152w, https://solitude.saintefamille.fr/files/2025/05/WhatsApp-Image-2025-05-06-a-13.29.16_a6a25699.jpg 1536w" sizes="auto, (max-width: 768px) 100vw, 768px" /></a></figure>



<div class="wp-block-columns is-layout-flex wp-container-core-columns-is-layout-28f84493 wp-block-columns-is-layout-flex">
<div class="wp-block-column is-layout-flow wp-block-column-is-layout-flow"></div>



<div class="wp-block-column is-layout-flow wp-block-column-is-layout-flow"></div>
</div>
</div>
</div>

<p>En ce 4 Mai, nous célébrons la richesse et la diversité de nos cultures sur les différents continents. La présence des 27 sœurs de la Sainte Famille venues de 17 [&hellip;]</p>
