{"id":4294,"date":"2025-07-03T18:26:28","date_gmt":"2025-07-03T16:26:28","guid":{"rendered":"https:\/\/solitude.saintefamille.fr\/?page_id=4294"},"modified":"2025-12-27T18:05:13","modified_gmt":"2025-12-27T16:05:13","slug":"accompagner-la-vie-jusqua-sa-plenitude","status":"publish","type":"page","link":"https:\/\/solitude.saintefamille.fr\/?page_id=4294","title":{"rendered":"Accompagner la vie jusqu&rsquo;\u00e0 sa pl\u00e9nitude"},"content":{"rendered":"\n<figure class=\"wp-block-image aligncenter size-full\"><a href=\"https:\/\/solitude.saintefamille.fr\/files\/2018\/01\/arbre-4-saisons-2-Copie.jpg\"><img loading=\"lazy\" decoding=\"async\" width=\"478\" height=\"478\" src=\"https:\/\/solitude.saintefamille.fr\/files\/2018\/01\/arbre-4-saisons-2-Copie.jpg\" alt=\"\" class=\"wp-image-2155\" srcset=\"https:\/\/solitude.saintefamille.fr\/files\/2018\/01\/arbre-4-saisons-2-Copie.jpg 478w, https:\/\/solitude.saintefamille.fr\/files\/2018\/01\/arbre-4-saisons-2-Copie-300x300.jpg 300w, https:\/\/solitude.saintefamille.fr\/files\/2018\/01\/arbre-4-saisons-2-Copie-150x150.jpg 150w\" sizes=\"auto, (max-width: 478px) 100vw, 478px\" \/><\/a><\/figure>\n\n\n\n<p class=\"has-text-align-center has-custom-color-1-color has-base-background-color has-text-color has-background has-link-color has-medium-font-size wp-elements-1dfb9f1b2b16df3d66ea77396b344e83\"><strong>\u00a0 Du 12(18h) au 19(14h)<\/strong> <strong>octobre 2026<\/strong><\/p>\n\n\n\n<p class=\"has-text-align-center\"><strong>SESSION<\/strong> <strong>ouverte \u00e0 tous<\/strong><\/p>\n\n\n\n<p class=\"has-text-align-center has-custom-color-1-color has-base-background-color has-text-color has-background has-link-color has-medium-font-size wp-elements-7f9a8b213188eb82846e7bf9a3e22e1e\"> <strong>avec<\/strong> <strong>plusieurs Formules<\/strong> <strong>au choix<\/strong><\/p>\n\n\n\n<p class=\"has-text-align-center\"><strong>anim\u00e9e par l\u2019\u00e9quipe de la Solitude (Martillac)<\/strong><\/p>\n\n\n\n<p class=\"has-text-align-center\"><strong>Avec la participation du<\/strong><\/p>\n\n\n\n<p class=\"has-text-align-center\"><strong>Docteur Bernard Paternostre,<\/strong><strong>M\u00e9decin en soins palliatifs<\/strong><\/p>\n\n\n\n<p class=\"has-text-align-center\"><strong>Et de Christine Del Pino<\/strong>, <strong>psychologue<\/strong><\/p>\n\n\n\n<blockquote class=\"wp-block-quote is-layout-flow wp-block-quote-is-layout-flow\">\n<p class=\"has-text-color has-link-color has-medium-font-size wp-elements-b54370d6bcd19ca7decb8c23f5cd6b38\" style=\"color:#246ca6\">A un moment o\u00f9 la fin de vie fait d\u00e9bat, nous voulons r\u00e9affirmer le prix de toute vie.<\/p>\n\n\n\n<p class=\"has-text-color has-link-color has-medium-font-size wp-elements-9c7b672ad3f7a4df429d32cba894dc6e\" style=\"color:#246ca6\"><em>\u00ab&nbsp;Les anciens doivent \u00eatre soign\u00e9s comme un tr\u00e9sor de l\u2019humanit\u00e9. Ils sont notre sagesse&nbsp;\u00bb<\/em><\/p>\n\n\n\n<p class=\"has-text-align-right has-text-color has-link-color has-medium-font-size wp-elements-c660e68a31fd899b7b1315a44c65cf39\" style=\"color:#246ca6\">                            Pape Fran\u00e7ois<\/p>\n<\/blockquote>\n\n\n\n<p><\/p>\n\n\n\n<div class=\"wp-block-buttons is-layout-flex wp-block-buttons-is-layout-flex\">\n<div class=\"wp-block-button\"><a class=\"wp-block-button__link wp-element-button\" href=\"https:\/\/solitude.saintefamille.fr\/?page_id=4315\">En savoir plus<\/a><\/div>\n<\/div>\n","protected":false},"excerpt":{"rendered":"<p>\u00a0 Du 12(18h) au 19(14h) octobre 2026 SESSION ouverte \u00e0 tous avec plusieurs Formules au choix anim\u00e9e par l\u2019\u00e9quipe de la Solitude (Martillac) Avec la participation du Docteur Bernard Paternostre,M\u00e9decin [&hellip;]<\/p>\n","protected":false},"author":1,"featured_media":0,"parent":0,"menu_order":0,"comment_status":"closed","ping_status":"closed","template":"","meta":{"_acf_changed":false,"_EventAllDay":false,"_EventTimezone":"","_EventStartDate":"","_EventEndDate":"","_EventStartDateUTC":"","_EventEndDateUTC":"","_EventShowMap":false,"_EventShowMapLink":false,"_EventURL":"","_EventCost":"","_EventCostDescription":"","_EventCurrencySymbol":"","_EventCurrencyCode":"","_EventCurrencyPosition":"","_EventDateTimeSeparator":"","_EventTimeRangeSeparator":"","_EventOrganizerID":[],"_EventVenueID":[],"_OrganizerEmail":"","_OrganizerPhone":"","_OrganizerWebsite":"","_VenueAddress":"","_VenueCity":"","_VenueCountry":"","_VenueProvince":"","_VenueState":"","_VenueZip":"","_VenuePhone":"","_VenueURL":"","_VenueStateProvince":"","_VenueLat":"","_VenueLng":"","_VenueShowMap":false,"_VenueShowMapLink":false,"footnotes":""},"class_list":["post-4294","page","type-page","status-publish","hentry"],"acf":[],"_links":{"self":[{"href":"https:\/\/solitude.saintefamille.fr\/index.php?rest_route=\/wp\/v2\/pages\/4294","targetHints":{"allow":["GET"]}}],"collection":[{"href":"https:\/\/solitude.saintefamille.fr\/index.php?rest_route=\/wp\/v2\/pages"}],"about":[{"href":"https:\/\/solitude.saintefamille.fr\/index.php?rest_route=\/wp\/v2\/types\/page"}],"author":[{"embeddable":true,"href":"https:\/\/solitude.saintefamille.fr\/index.php?rest_route=\/wp\/v2\/users\/1"}],"replies":[{"embeddable":true,"href":"https:\/\/solitude.saintefamille.fr\/index.php?rest_route=%2Fwp%2Fv2%2Fcomments&post=4294"}],"version-history":[{"count":7,"href":"https:\/\/solitude.saintefamille.fr\/index.php?rest_route=\/wp\/v2\/pages\/4294\/revisions"}],"predecessor-version":[{"id":4465,"href":"https:\/\/solitude.saintefamille.fr\/index.php?rest_route=\/wp\/v2\/pages\/4294\/revisions\/4465"}],"wp:attachment":[{"href":"https:\/\/solitude.saintefamille.fr\/index.php?rest_route=%2Fwp%2Fv2%2Fmedia&parent=4294"}],"curies":[{"name":"wp","href":"https:\/\/api.w.org\/{rel}","templated":true}]}}

Accompagner la vie jusqu&rsquo;à sa plénitude

<figure class="wp-block-image aligncenter size-full"><a href="https://solitude.saintefamille.fr/files/2018/01/arbre-4-saisons-2-Copie.jpg"><img loading="lazy" decoding="async" width="478" height="478" src="https://solitude.saintefamille.fr/files/2018/01/arbre-4-saisons-2-Copie.jpg" alt="" class="wp-image-2155" srcset="https://solitude.saintefamille.fr/files/2018/01/arbre-4-saisons-2-Copie.jpg 478w, https://solitude.saintefamille.fr/files/2018/01/arbre-4-saisons-2-Copie-300x300.jpg 300w, https://solitude.saintefamille.fr/files/2018/01/arbre-4-saisons-2-Copie-150x150.jpg 150w" sizes="auto, (max-width: 478px) 100vw, 478px" /></a></figure>



<p class="has-text-align-center has-custom-color-1-color has-base-background-color has-text-color has-background has-link-color has-medium-font-size wp-elements-1dfb9f1b2b16df3d66ea77396b344e83"><strong>  Du 12(18h) au 19(14h)</strong> <strong>octobre 2026</strong></p>



<p class="has-text-align-center"><strong>SESSION</strong> <strong>ouverte à tous</strong></p>



<p class="has-text-align-center has-custom-color-1-color has-base-background-color has-text-color has-background has-link-color has-medium-font-size wp-elements-7f9a8b213188eb82846e7bf9a3e22e1e"> <strong>avec</strong> <strong>plusieurs Formules</strong> <strong>au choix</strong></p>



<p class="has-text-align-center"><strong>animée par l’équipe de la Solitude (Martillac)</strong></p>



<p class="has-text-align-center"><strong>Avec la participation du</strong></p>



<p class="has-text-align-center"><strong>Docteur Bernard Paternostre,</strong><strong>Médecin en soins palliatifs</strong></p>



<p class="has-text-align-center"><strong>Et de Christine Del Pino</strong>, <strong>psychologue</strong></p>



<blockquote class="wp-block-quote is-layout-flow wp-block-quote-is-layout-flow">
<p class="has-text-color has-link-color has-medium-font-size wp-elements-b54370d6bcd19ca7decb8c23f5cd6b38" style="color:#246ca6">A un moment où la fin de vie fait débat, nous voulons réaffirmer le prix de toute vie.</p>



<p class="has-text-color has-link-color has-medium-font-size wp-elements-9c7b672ad3f7a4df429d32cba894dc6e" style="color:#246ca6"><em>«&nbsp;Les anciens doivent être soignés comme un trésor de l’humanité. Ils sont notre sagesse&nbsp;»</em></p>



<p class="has-text-align-right has-text-color has-link-color has-medium-font-size wp-elements-c660e68a31fd899b7b1315a44c65cf39" style="color:#246ca6">                            Pape François</p>
</blockquote>



<p></p>



<div class="wp-block-buttons is-layout-flex wp-block-buttons-is-layout-flex">
<div class="wp-block-button"><a class="wp-block-button__link wp-element-button" href="https://solitude.saintefamille.fr/?page_id=4315">En savoir plus</a></div>
</div>

<p>  Du 12(18h) au 19(14h) octobre 2026 SESSION ouverte à tous avec plusieurs Formules au choix animée par l’équipe de la Solitude (Martillac) Avec la participation du Docteur Bernard Paternostre,Médecin [&hellip;]</p>
