{"id":4321,"date":"2025-07-04T20:28:28","date_gmt":"2025-07-04T18:28:28","guid":{"rendered":"https:\/\/solitude.saintefamille.fr\/?page_id=4321"},"modified":"2025-09-16T18:04:19","modified_gmt":"2025-09-16T16:04:19","slug":"session-sur-la-politique-de-sauvegarde-de-la-sainte-famille-de-bordeaux","status":"publish","type":"page","link":"https:\/\/solitude.saintefamille.fr\/?page_id=4321","title":{"rendered":"Politique de Sauvegarde Sainte Famille de Bordeaux"},"content":{"rendered":"\n<figure class=\"wp-block-image alignfull size-full\"><a href=\"https:\/\/solitude.saintefamille.fr\/files\/2025\/09\/groupe.jpg\"><img loading=\"lazy\" decoding=\"async\" width=\"810\" height=\"447\" src=\"https:\/\/solitude.saintefamille.fr\/files\/2025\/09\/groupe.jpg\" alt=\"\" class=\"wp-image-4341\" srcset=\"https:\/\/solitude.saintefamille.fr\/files\/2025\/09\/groupe.jpg 810w, https:\/\/solitude.saintefamille.fr\/files\/2025\/09\/groupe-300x166.jpg 300w, https:\/\/solitude.saintefamille.fr\/files\/2025\/09\/groupe-768x424.jpg 768w\" sizes=\"auto, (max-width: 810px) 100vw, 810px\" \/><\/a><\/figure>\n\n\n\n<figure class=\"wp-block-image aligncenter size-full\"><a href=\"https:\/\/solitude.saintefamille.fr\/files\/2025\/09\/logo-sauvegarde.png\"><img loading=\"lazy\" decoding=\"async\" width=\"131\" height=\"111\" src=\"https:\/\/solitude.saintefamille.fr\/files\/2025\/09\/logo-sauvegarde.png\" alt=\"\" class=\"wp-image-4346\"\/><\/a><\/figure>\n\n\n\n<h4 class=\"wp-block-heading has-text-align-center has-contrast-color has-custom-color-7-background-color has-text-color has-background has-link-color wp-elements-1bb0958532ec739b504174b005414e91\"><strong>25 soeurs ont particip\u00e9 \u00e0 cette session de Formation<\/strong><\/h4>\n\n\n\n<h4 class=\"wp-block-heading has-text-align-center has-contrast-color has-custom-color-7-background-color has-text-color has-background has-link-color wp-elements-6d44626ba9126f61a6908b53be87ffae\"><strong>\u00e0 Martillac du 17 au 25 juin 2025<\/strong><\/h4>\n\n\n\n<p class=\"has-custom-color-7-color has-text-color has-link-color wp-elements-98e7197c4638212c1311699f9fbf30f9\"><em>Cet extrait du discours d\u2019ouverture de S\u0153ur Ana Maria ALCALDE, sup\u00e9rieure g\u00e9n\u00e9rale souligne bien l\u2019objet de cette session<\/em><\/p>\n\n\n\n<p class=\"has-text-color has-link-color wp-elements-1ab4335381f5940f289b950f1cc059b1\" style=\"color:#5395cb\">Bienvenue \u00e0 Martillac pour cette importante session, qui a \u00e9t\u00e9 pr\u00e9par\u00e9e par des r\u00e9unions de formation en ligne, avec la comp\u00e9tente orientation de la Consultante Ind\u00e9pendante Tina CAMPBELL.<\/p>\n\n\n\n<p class=\"has-text-color has-link-color wp-elements-3f9891600a28f11e6282e8a5715643c5\" style=\"color:#5395cb\">Un grand merci \u00e0 l&rsquo;\u00c9quipe Internationale de Sauvegarde qui, avec beaucoup d&rsquo;engagement et de travail, a r\u00e9dig\u00e9 la \u00ab politique de sauvegarde \u00bb de la Sainte-Famille de Bordeaux.<\/p>\n\n\n\n<p class=\"has-text-color has-link-color wp-elements-29ff4a7b61af98354f3a90416afd0d5a\" style=\"color:#5395cb\">Vous \u00eates r\u00e9unies ici pour en savoir plus sur cette \u00ab politique \u00bb et pour aider toutes les s\u0153urs de l&rsquo;Institut, les membres de la Famille P.B. Noailles et ceux qui travaillent directement ou indirectement avec nous, \u00e0 la mettre en pratique.<\/p>\n\n\n\n<p class=\"has-text-color has-link-color wp-elements-97efc5a7c1f9d2c8e6b9a64c4b925134\" style=\"color:#5395cb\">Cette rencontre continuera \u00e0 \u00eatre un espace de sensibilisation et de formation pour apporter les connaissances et les comp\u00e9tences n\u00e9cessaires afin d\u2019agir avec efficacit\u00e9 et sensibilit\u00e9 dans la pr\u00e9vention des abus au sein de l&rsquo;Institut et dans les lieux o\u00f9 nous exer\u00e7ons nos apostolats.<\/p>\n\n\n\n<p class=\"has-text-color has-link-color wp-elements-839add6f408a24cad00cfe8ee1bc9802\" style=\"color:#5395cb\">Il s&rsquo;agit d&rsquo;un engagement commun pour aller effectivement vers un changement radical de mentalit\u00e9. Certes, dans un pass\u00e9 r\u00e9cent, nous n&rsquo;avions pas la conscience et la formation n\u00e9cessaires pour r\u00e9aliser l&rsquo;importance de la \u00ab pastorale du soin \u00bb.<\/p>\n\n\n\n<div class=\"wp-block-columns is-layout-flex wp-container-core-columns-is-layout-28f84493 wp-block-columns-is-layout-flex\">\n<div class=\"wp-block-column is-layout-flow wp-block-column-is-layout-flow\">\n<figure class=\"wp-block-image size-large\"><a href=\"https:\/\/solitude.saintefamille.fr\/files\/2025\/07\/510972900_4079876818947652_2982546886718993531_n-1.jpg\"><img loading=\"lazy\" decoding=\"async\" width=\"1024\" height=\"683\" src=\"https:\/\/solitude.saintefamille.fr\/files\/2025\/07\/510972900_4079876818947652_2982546886718993531_n-1-1024x683.jpg\" alt=\"\" class=\"wp-image-4324\" style=\"aspect-ratio:4\/3;object-fit:cover\" srcset=\"https:\/\/solitude.saintefamille.fr\/files\/2025\/07\/510972900_4079876818947652_2982546886718993531_n-1-1024x683.jpg 1024w, https:\/\/solitude.saintefamille.fr\/files\/2025\/07\/510972900_4079876818947652_2982546886718993531_n-1-300x200.jpg 300w, https:\/\/solitude.saintefamille.fr\/files\/2025\/07\/510972900_4079876818947652_2982546886718993531_n-1-768x512.jpg 768w, https:\/\/solitude.saintefamille.fr\/files\/2025\/07\/510972900_4079876818947652_2982546886718993531_n-1-1536x1024.jpg 1536w, https:\/\/solitude.saintefamille.fr\/files\/2025\/07\/510972900_4079876818947652_2982546886718993531_n-1.jpg 1920w\" sizes=\"auto, (max-width: 1024px) 100vw, 1024px\" \/><\/a><\/figure>\n<\/div>\n\n\n\n<div class=\"wp-block-column is-layout-flow wp-block-column-is-layout-flow\">\n<figure class=\"wp-block-image size-large\"><a href=\"https:\/\/solitude.saintefamille.fr\/files\/2025\/07\/511265343_4082895778645756_278566548488777169_n.jpg\"><img loading=\"lazy\" decoding=\"async\" width=\"1024\" height=\"683\" src=\"https:\/\/solitude.saintefamille.fr\/files\/2025\/07\/511265343_4082895778645756_278566548488777169_n-1024x683.jpg\" alt=\"\" class=\"wp-image-4325\" style=\"aspect-ratio:4\/3;object-fit:cover\" srcset=\"https:\/\/solitude.saintefamille.fr\/files\/2025\/07\/511265343_4082895778645756_278566548488777169_n-1024x683.jpg 1024w, https:\/\/solitude.saintefamille.fr\/files\/2025\/07\/511265343_4082895778645756_278566548488777169_n-300x200.jpg 300w, https:\/\/solitude.saintefamille.fr\/files\/2025\/07\/511265343_4082895778645756_278566548488777169_n-768x512.jpg 768w, https:\/\/solitude.saintefamille.fr\/files\/2025\/07\/511265343_4082895778645756_278566548488777169_n-1536x1024.jpg 1536w, https:\/\/solitude.saintefamille.fr\/files\/2025\/07\/511265343_4082895778645756_278566548488777169_n.jpg 1920w\" sizes=\"auto, (max-width: 1024px) 100vw, 1024px\" \/><\/a><\/figure>\n<\/div>\n\n\n\n<div class=\"wp-block-column is-layout-flow wp-block-column-is-layout-flow\">\n<figure class=\"wp-block-image size-large\"><a href=\"https:\/\/solitude.saintefamille.fr\/files\/2025\/07\/510991993_4079876675614333_798285186026516255_n.jpg\"><img loading=\"lazy\" decoding=\"async\" width=\"1024\" height=\"683\" src=\"https:\/\/solitude.saintefamille.fr\/files\/2025\/07\/510991993_4079876675614333_798285186026516255_n-1024x683.jpg\" alt=\"\" class=\"wp-image-4326\" style=\"aspect-ratio:4\/3;object-fit:cover\" srcset=\"https:\/\/solitude.saintefamille.fr\/files\/2025\/07\/510991993_4079876675614333_798285186026516255_n-1024x683.jpg 1024w, https:\/\/solitude.saintefamille.fr\/files\/2025\/07\/510991993_4079876675614333_798285186026516255_n-300x200.jpg 300w, https:\/\/solitude.saintefamille.fr\/files\/2025\/07\/510991993_4079876675614333_798285186026516255_n-768x512.jpg 768w, https:\/\/solitude.saintefamille.fr\/files\/2025\/07\/510991993_4079876675614333_798285186026516255_n-1536x1024.jpg 1536w, https:\/\/solitude.saintefamille.fr\/files\/2025\/07\/510991993_4079876675614333_798285186026516255_n.jpg 1920w\" sizes=\"auto, (max-width: 1024px) 100vw, 1024px\" \/><\/a><\/figure>\n<\/div>\n<\/div>\n\n\n\n<figure class=\"wp-block-image size-large\"><a href=\"https:\/\/solitude.saintefamille.fr\/files\/2025\/07\/511098517_4083888355213165_7420987793013464909_n-min-1.jpg\"><img loading=\"lazy\" decoding=\"async\" width=\"1024\" height=\"683\" src=\"https:\/\/solitude.saintefamille.fr\/files\/2025\/07\/511098517_4083888355213165_7420987793013464909_n-min-1-1024x683.jpg\" alt=\"\" class=\"wp-image-4327\" srcset=\"https:\/\/solitude.saintefamille.fr\/files\/2025\/07\/511098517_4083888355213165_7420987793013464909_n-min-1-1024x683.jpg 1024w, https:\/\/solitude.saintefamille.fr\/files\/2025\/07\/511098517_4083888355213165_7420987793013464909_n-min-1-300x200.jpg 300w, https:\/\/solitude.saintefamille.fr\/files\/2025\/07\/511098517_4083888355213165_7420987793013464909_n-min-1-768x512.jpg 768w, https:\/\/solitude.saintefamille.fr\/files\/2025\/07\/511098517_4083888355213165_7420987793013464909_n-min-1-1536x1024.jpg 1536w, https:\/\/solitude.saintefamille.fr\/files\/2025\/07\/511098517_4083888355213165_7420987793013464909_n-min-1.jpg 1920w\" sizes=\"auto, (max-width: 1024px) 100vw, 1024px\" \/><\/a><\/figure>\n\n\n\n<h3 class=\"wp-block-heading has-text-align-center has-custom-color-7-color has-text-color has-link-color wp-elements-ed296b93af80d2dee99d3679d21cc09b\"><em>\u00ab\u00a0Soyez une lumi\u00e8re pour le monde\u00a0\u00bb<\/em><\/h3>\n","protected":false},"excerpt":{"rendered":"<p>25 soeurs ont particip\u00e9 \u00e0 cette session de Formation \u00e0 Martillac du 17 au 25 juin 2025 Cet extrait du discours d\u2019ouverture de S\u0153ur Ana Maria ALCALDE, sup\u00e9rieure g\u00e9n\u00e9rale souligne [&hellip;]<\/p>\n","protected":false},"author":1,"featured_media":0,"parent":3874,"menu_order":0,"comment_status":"closed","ping_status":"closed","template":"","meta":{"_acf_changed":false,"_EventAllDay":false,"_EventTimezone":"","_EventStartDate":"","_EventEndDate":"","_EventStartDateUTC":"","_EventEndDateUTC":"","_EventShowMap":false,"_EventShowMapLink":false,"_EventURL":"","_EventCost":"","_EventCostDescription":"","_EventCurrencySymbol":"","_EventCurrencyCode":"","_EventCurrencyPosition":"","_EventDateTimeSeparator":"","_EventTimeRangeSeparator":"","_EventOrganizerID":[],"_EventVenueID":[],"_OrganizerEmail":"","_OrganizerPhone":"","_OrganizerWebsite":"","_VenueAddress":"","_VenueCity":"","_VenueCountry":"","_VenueProvince":"","_VenueState":"","_VenueZip":"","_VenuePhone":"","_VenueURL":"","_VenueStateProvince":"","_VenueLat":"","_VenueLng":"","_VenueShowMap":false,"_VenueShowMapLink":false,"footnotes":""},"class_list":["post-4321","page","type-page","status-publish","hentry"],"acf":[],"_links":{"self":[{"href":"https:\/\/solitude.saintefamille.fr\/index.php?rest_route=\/wp\/v2\/pages\/4321","targetHints":{"allow":["GET"]}}],"collection":[{"href":"https:\/\/solitude.saintefamille.fr\/index.php?rest_route=\/wp\/v2\/pages"}],"about":[{"href":"https:\/\/solitude.saintefamille.fr\/index.php?rest_route=\/wp\/v2\/types\/page"}],"author":[{"embeddable":true,"href":"https:\/\/solitude.saintefamille.fr\/index.php?rest_route=\/wp\/v2\/users\/1"}],"replies":[{"embeddable":true,"href":"https:\/\/solitude.saintefamille.fr\/index.php?rest_route=%2Fwp%2Fv2%2Fcomments&post=4321"}],"version-history":[{"count":5,"href":"https:\/\/solitude.saintefamille.fr\/index.php?rest_route=\/wp\/v2\/pages\/4321\/revisions"}],"predecessor-version":[{"id":4347,"href":"https:\/\/solitude.saintefamille.fr\/index.php?rest_route=\/wp\/v2\/pages\/4321\/revisions\/4347"}],"up":[{"embeddable":true,"href":"https:\/\/solitude.saintefamille.fr\/index.php?rest_route=\/wp\/v2\/pages\/3874"}],"wp:attachment":[{"href":"https:\/\/solitude.saintefamille.fr\/index.php?rest_route=%2Fwp%2Fv2%2Fmedia&parent=4321"}],"curies":[{"name":"wp","href":"https:\/\/api.w.org\/{rel}","templated":true}]}}

<figure class="wp-block-image alignfull size-full"><a href="https://solitude.saintefamille.fr/files/2025/09/groupe.jpg"><img loading="lazy" decoding="async" width="810" height="447" src="https://solitude.saintefamille.fr/files/2025/09/groupe.jpg" alt="" class="wp-image-4341" srcset="https://solitude.saintefamille.fr/files/2025/09/groupe.jpg 810w, https://solitude.saintefamille.fr/files/2025/09/groupe-300x166.jpg 300w, https://solitude.saintefamille.fr/files/2025/09/groupe-768x424.jpg 768w" sizes="auto, (max-width: 810px) 100vw, 810px" /></a></figure>



<figure class="wp-block-image aligncenter size-full"><a href="https://solitude.saintefamille.fr/files/2025/09/logo-sauvegarde.png"><img loading="lazy" decoding="async" width="131" height="111" src="https://solitude.saintefamille.fr/files/2025/09/logo-sauvegarde.png" alt="" class="wp-image-4346"/></a></figure>



<h4 class="wp-block-heading has-text-align-center has-contrast-color has-custom-color-7-background-color has-text-color has-background has-link-color wp-elements-1bb0958532ec739b504174b005414e91"><strong>25 soeurs ont participé à cette session de Formation</strong></h4>



<h4 class="wp-block-heading has-text-align-center has-contrast-color has-custom-color-7-background-color has-text-color has-background has-link-color wp-elements-6d44626ba9126f61a6908b53be87ffae"><strong>à Martillac du 17 au 25 juin 2025</strong></h4>



<p class="has-custom-color-7-color has-text-color has-link-color wp-elements-98e7197c4638212c1311699f9fbf30f9"><em>Cet extrait du discours d’ouverture de Sœur Ana Maria ALCALDE, supérieure générale souligne bien l’objet de cette session</em></p>



<p class="has-text-color has-link-color wp-elements-1ab4335381f5940f289b950f1cc059b1" style="color:#5395cb">Bienvenue à Martillac pour cette importante session, qui a été préparée par des réunions de formation en ligne, avec la compétente orientation de la Consultante Indépendante Tina CAMPBELL.</p>



<p class="has-text-color has-link-color wp-elements-3f9891600a28f11e6282e8a5715643c5" style="color:#5395cb">Un grand merci à l&rsquo;Équipe Internationale de Sauvegarde qui, avec beaucoup d&rsquo;engagement et de travail, a rédigé la « politique de sauvegarde » de la Sainte-Famille de Bordeaux.</p>



<p class="has-text-color has-link-color wp-elements-29ff4a7b61af98354f3a90416afd0d5a" style="color:#5395cb">Vous êtes réunies ici pour en savoir plus sur cette « politique » et pour aider toutes les sœurs de l&rsquo;Institut, les membres de la Famille P.B. Noailles et ceux qui travaillent directement ou indirectement avec nous, à la mettre en pratique.</p>



<p class="has-text-color has-link-color wp-elements-97efc5a7c1f9d2c8e6b9a64c4b925134" style="color:#5395cb">Cette rencontre continuera à être un espace de sensibilisation et de formation pour apporter les connaissances et les compétences nécessaires afin d’agir avec efficacité et sensibilité dans la prévention des abus au sein de l&rsquo;Institut et dans les lieux où nous exerçons nos apostolats.</p>



<p class="has-text-color has-link-color wp-elements-839add6f408a24cad00cfe8ee1bc9802" style="color:#5395cb">Il s&rsquo;agit d&rsquo;un engagement commun pour aller effectivement vers un changement radical de mentalité. Certes, dans un passé récent, nous n&rsquo;avions pas la conscience et la formation nécessaires pour réaliser l&rsquo;importance de la « pastorale du soin ».</p>



<div class="wp-block-columns is-layout-flex wp-container-core-columns-is-layout-28f84493 wp-block-columns-is-layout-flex">
<div class="wp-block-column is-layout-flow wp-block-column-is-layout-flow">
<figure class="wp-block-image size-large"><a href="https://solitude.saintefamille.fr/files/2025/07/510972900_4079876818947652_2982546886718993531_n-1.jpg"><img loading="lazy" decoding="async" width="1024" height="683" src="https://solitude.saintefamille.fr/files/2025/07/510972900_4079876818947652_2982546886718993531_n-1-1024x683.jpg" alt="" class="wp-image-4324" style="aspect-ratio:4/3;object-fit:cover" srcset="https://solitude.saintefamille.fr/files/2025/07/510972900_4079876818947652_2982546886718993531_n-1-1024x683.jpg 1024w, https://solitude.saintefamille.fr/files/2025/07/510972900_4079876818947652_2982546886718993531_n-1-300x200.jpg 300w, https://solitude.saintefamille.fr/files/2025/07/510972900_4079876818947652_2982546886718993531_n-1-768x512.jpg 768w, https://solitude.saintefamille.fr/files/2025/07/510972900_4079876818947652_2982546886718993531_n-1-1536x1024.jpg 1536w, https://solitude.saintefamille.fr/files/2025/07/510972900_4079876818947652_2982546886718993531_n-1.jpg 1920w" sizes="auto, (max-width: 1024px) 100vw, 1024px" /></a></figure>
</div>



<div class="wp-block-column is-layout-flow wp-block-column-is-layout-flow">
<figure class="wp-block-image size-large"><a href="https://solitude.saintefamille.fr/files/2025/07/511265343_4082895778645756_278566548488777169_n.jpg"><img loading="lazy" decoding="async" width="1024" height="683" src="https://solitude.saintefamille.fr/files/2025/07/511265343_4082895778645756_278566548488777169_n-1024x683.jpg" alt="" class="wp-image-4325" style="aspect-ratio:4/3;object-fit:cover" srcset="https://solitude.saintefamille.fr/files/2025/07/511265343_4082895778645756_278566548488777169_n-1024x683.jpg 1024w, https://solitude.saintefamille.fr/files/2025/07/511265343_4082895778645756_278566548488777169_n-300x200.jpg 300w, https://solitude.saintefamille.fr/files/2025/07/511265343_4082895778645756_278566548488777169_n-768x512.jpg 768w, https://solitude.saintefamille.fr/files/2025/07/511265343_4082895778645756_278566548488777169_n-1536x1024.jpg 1536w, https://solitude.saintefamille.fr/files/2025/07/511265343_4082895778645756_278566548488777169_n.jpg 1920w" sizes="auto, (max-width: 1024px) 100vw, 1024px" /></a></figure>
</div>



<div class="wp-block-column is-layout-flow wp-block-column-is-layout-flow">
<figure class="wp-block-image size-large"><a href="https://solitude.saintefamille.fr/files/2025/07/510991993_4079876675614333_798285186026516255_n.jpg"><img loading="lazy" decoding="async" width="1024" height="683" src="https://solitude.saintefamille.fr/files/2025/07/510991993_4079876675614333_798285186026516255_n-1024x683.jpg" alt="" class="wp-image-4326" style="aspect-ratio:4/3;object-fit:cover" srcset="https://solitude.saintefamille.fr/files/2025/07/510991993_4079876675614333_798285186026516255_n-1024x683.jpg 1024w, https://solitude.saintefamille.fr/files/2025/07/510991993_4079876675614333_798285186026516255_n-300x200.jpg 300w, https://solitude.saintefamille.fr/files/2025/07/510991993_4079876675614333_798285186026516255_n-768x512.jpg 768w, https://solitude.saintefamille.fr/files/2025/07/510991993_4079876675614333_798285186026516255_n-1536x1024.jpg 1536w, https://solitude.saintefamille.fr/files/2025/07/510991993_4079876675614333_798285186026516255_n.jpg 1920w" sizes="auto, (max-width: 1024px) 100vw, 1024px" /></a></figure>
</div>
</div>



<figure class="wp-block-image size-large"><a href="https://solitude.saintefamille.fr/files/2025/07/511098517_4083888355213165_7420987793013464909_n-min-1.jpg"><img loading="lazy" decoding="async" width="1024" height="683" src="https://solitude.saintefamille.fr/files/2025/07/511098517_4083888355213165_7420987793013464909_n-min-1-1024x683.jpg" alt="" class="wp-image-4327" srcset="https://solitude.saintefamille.fr/files/2025/07/511098517_4083888355213165_7420987793013464909_n-min-1-1024x683.jpg 1024w, https://solitude.saintefamille.fr/files/2025/07/511098517_4083888355213165_7420987793013464909_n-min-1-300x200.jpg 300w, https://solitude.saintefamille.fr/files/2025/07/511098517_4083888355213165_7420987793013464909_n-min-1-768x512.jpg 768w, https://solitude.saintefamille.fr/files/2025/07/511098517_4083888355213165_7420987793013464909_n-min-1-1536x1024.jpg 1536w, https://solitude.saintefamille.fr/files/2025/07/511098517_4083888355213165_7420987793013464909_n-min-1.jpg 1920w" sizes="auto, (max-width: 1024px) 100vw, 1024px" /></a></figure>



<h3 class="wp-block-heading has-text-align-center has-custom-color-7-color has-text-color has-link-color wp-elements-ed296b93af80d2dee99d3679d21cc09b"><em>« Soyez une lumière pour le monde »</em></h3>

<p>25 soeurs ont participé à cette session de Formation à Martillac du 17 au 25 juin 2025 Cet extrait du discours d’ouverture de Sœur Ana Maria ALCALDE, supérieure générale souligne [&hellip;]</p>
