{"id":4382,"date":"2025-10-06T18:46:13","date_gmt":"2025-10-06T16:46:13","guid":{"rendered":"https:\/\/solitude.saintefamille.fr\/?page_id=4382"},"modified":"2025-10-19T20:54:46","modified_gmt":"2025-10-19T18:54:46","slug":"semaine-sociale-a-la-solitude","status":"publish","type":"page","link":"https:\/\/solitude.saintefamille.fr\/?page_id=4382","title":{"rendered":"Semaines sociales \u00e0 la Solitude"},"content":{"rendered":"\n<p class=\"has-text-align-center has-custom-color-3-color has-text-color has-link-color has-large-font-size wp-elements-4f33d98ff1e4d776b860b9946733a379\"><strong>Nous vous proposons de vivre les Semaines sociales en ligne \u00e0 la Solitude<\/strong><\/p>\n\n\n\n<figure class=\"wp-block-image size-full\"><a href=\"https:\/\/solitude.saintefamille.fr\/files\/2025\/10\/Capture-decran-2025-10-09-153849.png\"><img loading=\"lazy\" decoding=\"async\" width=\"965\" height=\"732\" src=\"https:\/\/solitude.saintefamille.fr\/files\/2025\/10\/Capture-decran-2025-10-09-153849.png\" alt=\"\" class=\"wp-image-4402\" srcset=\"https:\/\/solitude.saintefamille.fr\/files\/2025\/10\/Capture-decran-2025-10-09-153849.png 965w, https:\/\/solitude.saintefamille.fr\/files\/2025\/10\/Capture-decran-2025-10-09-153849-300x228.png 300w, https:\/\/solitude.saintefamille.fr\/files\/2025\/10\/Capture-decran-2025-10-09-153849-768x583.png 768w\" sizes=\"auto, (max-width: 965px) 100vw, 965px\" \/><\/a><\/figure>\n\n\n\n<div class=\"wp-block-columns alignwide has-background is-layout-flex wp-container-core-columns-is-layout-28f84493 wp-block-columns-is-layout-flex\" style=\"background-color:#dadaed\">\n<div class=\"wp-block-column is-layout-flow wp-block-column-is-layout-flow\">\n<p class=\"has-text-align-center has-custom-color-3-color has-text-color has-link-color has-small-font-size wp-elements-f2584b67435ebbe9b18704137c72f7c4\"><strong>SAMEDI matin<\/strong><\/p>\n\n\n\n<p class=\"has-contrast-color has-text-color has-link-color has-small-font-size wp-elements-55d5fedac3b4178da079cc4daccaa321\"><strong>9h00<\/strong> Ouverture de la rencontre plac\u00e9e sous l&rsquo;\u00e9gide du pape<\/p>\n\n\n\n<p class=\"has-link-color has-small-font-size wp-elements-885c461b11b0596188ba53cab32abbd7\"><strong>9h30<\/strong> Conf\u00e9rence introductive<\/p>\n\n\n\n<p class=\"has-link-color has-small-font-size wp-elements-746323ca92303fb79b08f2c8f7cc7841\">Qu&rsquo;est-ce que l&rsquo;intelligence artificielle? \u00catre humain \u00e0 l&rsquo;\u00e2ge de l&rsquo;IA. Une autre r\u00e9volution industrielle selon le pape L\u00e9on XIV<\/p>\n\n\n\n<p class=\"has-custom-color-3-color has-text-color has-link-color has-small-font-size wp-elements-5c98e3e9d1ff0eda5048d79c0fc21701\"><strong>Matthieu Guillermin docteur en physique et philosophie, ma\u00eetre de conf\u00e9rence \u00e0 l&rsquo;universit\u00e9 catholique de Lyon<\/strong><\/p>\n\n\n\n<p class=\"has-link-color has-small-font-size wp-elements-e0293ee060e1e3875822c07be224a45d\"><strong>10h15<\/strong> La question de la v\u00e9rit\u00e9 \u00e0 l&rsquo;\u00e2ge de l&rsquo;IA<\/p>\n\n\n\n<p class=\"has-custom-color-3-color has-text-color has-link-color has-small-font-size wp-elements-9c3ce41d528ca81904a3b476262a4ddb\"><strong>Olivier Abel, philosophe, professeur \u00e9m\u00e9rite de philosophie et d&rsquo;\u00e9thique \u00e0 l&rsquo;Institut protestant de th\u00e9ologie<\/strong><\/p>\n\n\n\n<p class=\"has-link-color has-small-font-size wp-elements-3e454ec2ef3cc2b1e56b6d81fb166aea\"><strong>11h30<\/strong> les mots de l&rsquo;IA<\/p>\n\n\n\n<p class=\"has-custom-color-3-color has-text-color has-link-color has-small-font-size wp-elements-b6b3b97bbe3bde9c505bbe26a0a0819e\"><strong>Mariette Darrigrand , s\u00e9miologue et essayiste<\/strong><\/p>\n\n\n\n<p class=\"has-text-align-center has-custom-color-3-color has-text-color has-link-color has-small-font-size wp-elements-f75a914f85b547d6823c4afba7f7979e\"><strong>SAMEDI apr\u00e8s-midi<\/strong><\/p>\n\n\n\n<p class=\"has-small-font-size\"><strong>16h45<\/strong> Les enjeux environnementaux de l&rsquo;IA<\/p>\n\n\n\n<p class=\"has-custom-color-3-color has-text-color has-link-color has-small-font-size wp-elements-889cb9647d6ad926ea85dfd7b23f1d31\"><strong>Julia Mouzon , C\u00e9cile Renouard, Nathalie Sarthou-Lajus<\/strong><\/p>\n\n\n\n<p class=\"has-small-font-size\"><strong>17h45<\/strong> Le fil rouge spirituel<\/p>\n\n\n\n<p class=\"has-custom-color-3-color has-text-color has-link-color has-small-font-size wp-elements-5f51c5fe5fe63c965b49a3df2fd27150\"><strong>Pasteure Corinne Gendreau &amp; P\u00e8re Serge Ricaud<\/strong><\/p>\n\n\n\n<blockquote class=\"wp-block-quote has-background is-layout-flow wp-block-quote-is-layout-flow\" style=\"background-color:#dadaed\">\n<p class=\"has-custom-color-3-color has-text-color has-link-color has-medium-font-size wp-elements-34f277b1d2d12eb4849d83694b749342\"><strong>Participation 10 euros pour les 2 jours.                               Possibilit\u00e9 de prendre le repas \u00e0 la Solitude en s&rsquo;inscrivant \u00e0 l&rsquo;avance :15 euros<\/strong><\/p>\n<\/blockquote>\n<\/div>\n\n\n\n<div class=\"wp-block-column is-layout-flow wp-block-column-is-layout-flow\">\n<p class=\"has-text-align-center has-custom-color-3-color has-text-color has-link-color has-small-font-size wp-elements-2f01b5e32dfd162c1e7034d142da3302\"><strong>DIMANCHE matin<\/strong><\/p>\n\n\n\n<p class=\"has-small-font-size\"><strong>10h<\/strong> Foi et science au temps de l&rsquo;IA<\/p>\n\n\n\n<p class=\"has-custom-color-3-color has-text-color has-link-color has-small-font-size wp-elements-258eeef2da7d9badeb75f36e5066d492\"><strong>Denis Malvy, professeur de m\u00e9decine, th\u00e9ologien et pr\u00eatre orthodoxe<\/strong><\/p>\n\n\n\n<p class=\"has-small-font-size\"><strong>10h45<\/strong> Penser l&rsquo;IA avec Jacques Ellul, d\u00e9sacraliser la technique dans un syst\u00e8me technicien<\/p>\n\n\n\n<p class=\"has-custom-color-3-color has-text-color has-link-color has-small-font-size wp-elements-43f2f7bcd7130353a4928ac7eaea5fa1\"><strong>Patrisk Chastenet, professeur de science politique <\/strong><\/p>\n\n\n\n<p class=\"has-small-font-size\"><strong>11h15<\/strong> l&rsquo;\u00e9thique, levier d&rsquo;influence et de souverainet\u00e9 dans la r\u00e9volution de l&rsquo;IA<\/p>\n\n\n\n<p class=\"has-custom-color-3-color has-text-color has-link-color has-small-font-size wp-elements-784c25a5eaae40c7c80311c1468b7e5c\"><strong>Claude Kirchner, pr\u00e9sident du comit\u00e9 national d&rsquo;\u00e9thique, directeur de recherche \u00e9m\u00e9rite<\/strong><\/p>\n\n\n\n<p class=\"has-text-align-center has-custom-color-3-color has-text-color has-link-color has-small-font-size wp-elements-229ee14825def39a8dc6f40a717d6b39\"><strong>DIMANCHE apr\u00e8s-midi<\/strong><\/p>\n\n\n\n<p class=\"has-small-font-size\"><strong>14h00<\/strong> Quels choix \u00e9thiques et r\u00e9galiens pour la France et ses alli\u00e9s <\/p>\n\n\n\n<p class=\"has-custom-color-3-color has-text-color has-link-color has-small-font-size wp-elements-38b12b869cc08f8f25c825b9815ade2e\"><strong>Jean No\u00ebl Barrot, ministre de l&rsquo;Europe et des affaires \u00e9trang\u00e8res, ministre d\u00e9l\u00e9gu\u00e9 charg\u00e9 de la transition num\u00e9rique (2022-2024)<\/strong><\/p>\n\n\n\n<p class=\"has-small-font-size\"><strong>15h00 <\/strong>les mots de l&rsquo;IA <\/p>\n\n\n\n<p class=\"has-custom-color-3-color has-text-color has-link-color has-small-font-size wp-elements-7a63d5765d1e15a84323953b4021cd0c\"><strong>Mariette Darrigrand<\/strong><\/p>\n\n\n\n<p class=\"has-small-font-size\"><strong>15h10 <\/strong>Le Manifeste des SSF sur l&rsquo;IA : Une IA au service de l&rsquo;homme<\/p>\n\n\n\n<p class=\"has-small-font-size\"><strong>15h30<\/strong> Fil rouge spirituel <\/p>\n\n\n\n<p class=\"has-custom-color-3-color has-text-color has-link-color has-small-font-size wp-elements-1659490532e3bb737795435231f4726b\"><strong>Pasteure Corinne Gendreau et P\u00e8re Serge Ricaud<\/strong><\/p>\n\n\n\n<p class=\"has-contrast-color has-text-color has-link-color has-small-font-size wp-elements-1c18c7f4203b81a686bbf81a02a1b0ff\"><strong>15h40-16h00<\/strong> CONCLUSIONS <\/p>\n\n\n\n<p class=\"has-custom-color-3-color has-text-color has-link-color has-small-font-size wp-elements-a65142b76b147c369914096c8657c36a\"> <strong>Isabelle de Gaulmyn<\/strong><\/p>\n<\/div>\n<\/div>\n\n\n\n<p><\/p>\n","protected":false},"excerpt":{"rendered":"<p>Nous vous proposons de vivre les Semaines sociales en ligne \u00e0 la Solitude SAMEDI matin 9h00 Ouverture de la rencontre plac\u00e9e sous l&rsquo;\u00e9gide du pape 9h30 Conf\u00e9rence introductive Qu&rsquo;est-ce que [&hellip;]<\/p>\n","protected":false},"author":1,"featured_media":0,"parent":0,"menu_order":0,"comment_status":"closed","ping_status":"closed","template":"","meta":{"_acf_changed":false,"_EventAllDay":false,"_EventTimezone":"","_EventStartDate":"","_EventEndDate":"","_EventStartDateUTC":"","_EventEndDateUTC":"","_EventShowMap":false,"_EventShowMapLink":false,"_EventURL":"","_EventCost":"","_EventCostDescription":"","_EventCurrencySymbol":"","_EventCurrencyCode":"","_EventCurrencyPosition":"","_EventDateTimeSeparator":"","_EventTimeRangeSeparator":"","_EventOrganizerID":[],"_EventVenueID":[],"_OrganizerEmail":"","_OrganizerPhone":"","_OrganizerWebsite":"","_VenueAddress":"","_VenueCity":"","_VenueCountry":"","_VenueProvince":"","_VenueState":"","_VenueZip":"","_VenuePhone":"","_VenueURL":"","_VenueStateProvince":"","_VenueLat":"","_VenueLng":"","_VenueShowMap":false,"_VenueShowMapLink":false,"footnotes":""},"class_list":["post-4382","page","type-page","status-publish","hentry"],"acf":[],"_links":{"self":[{"href":"https:\/\/solitude.saintefamille.fr\/index.php?rest_route=\/wp\/v2\/pages\/4382","targetHints":{"allow":["GET"]}}],"collection":[{"href":"https:\/\/solitude.saintefamille.fr\/index.php?rest_route=\/wp\/v2\/pages"}],"about":[{"href":"https:\/\/solitude.saintefamille.fr\/index.php?rest_route=\/wp\/v2\/types\/page"}],"author":[{"embeddable":true,"href":"https:\/\/solitude.saintefamille.fr\/index.php?rest_route=\/wp\/v2\/users\/1"}],"replies":[{"embeddable":true,"href":"https:\/\/solitude.saintefamille.fr\/index.php?rest_route=%2Fwp%2Fv2%2Fcomments&post=4382"}],"version-history":[{"count":5,"href":"https:\/\/solitude.saintefamille.fr\/index.php?rest_route=\/wp\/v2\/pages\/4382\/revisions"}],"predecessor-version":[{"id":4414,"href":"https:\/\/solitude.saintefamille.fr\/index.php?rest_route=\/wp\/v2\/pages\/4382\/revisions\/4414"}],"wp:attachment":[{"href":"https:\/\/solitude.saintefamille.fr\/index.php?rest_route=%2Fwp%2Fv2%2Fmedia&parent=4382"}],"curies":[{"name":"wp","href":"https:\/\/api.w.org\/{rel}","templated":true}]}}

Semaines sociales à la Solitude

<p class="has-text-align-center has-custom-color-3-color has-text-color has-link-color has-large-font-size wp-elements-4f33d98ff1e4d776b860b9946733a379"><strong>Nous vous proposons de vivre les Semaines sociales en ligne à la Solitude</strong></p>



<figure class="wp-block-image size-full"><a href="https://solitude.saintefamille.fr/files/2025/10/Capture-decran-2025-10-09-153849.png"><img loading="lazy" decoding="async" width="965" height="732" src="https://solitude.saintefamille.fr/files/2025/10/Capture-decran-2025-10-09-153849.png" alt="" class="wp-image-4402" srcset="https://solitude.saintefamille.fr/files/2025/10/Capture-decran-2025-10-09-153849.png 965w, https://solitude.saintefamille.fr/files/2025/10/Capture-decran-2025-10-09-153849-300x228.png 300w, https://solitude.saintefamille.fr/files/2025/10/Capture-decran-2025-10-09-153849-768x583.png 768w" sizes="auto, (max-width: 965px) 100vw, 965px" /></a></figure>



<div class="wp-block-columns alignwide has-background is-layout-flex wp-container-core-columns-is-layout-28f84493 wp-block-columns-is-layout-flex" style="background-color:#dadaed">
<div class="wp-block-column is-layout-flow wp-block-column-is-layout-flow">
<p class="has-text-align-center has-custom-color-3-color has-text-color has-link-color has-small-font-size wp-elements-f2584b67435ebbe9b18704137c72f7c4"><strong>SAMEDI matin</strong></p>



<p class="has-contrast-color has-text-color has-link-color has-small-font-size wp-elements-55d5fedac3b4178da079cc4daccaa321"><strong>9h00</strong> Ouverture de la rencontre placée sous l&rsquo;égide du pape</p>



<p class="has-link-color has-small-font-size wp-elements-885c461b11b0596188ba53cab32abbd7"><strong>9h30</strong> Conférence introductive</p>



<p class="has-link-color has-small-font-size wp-elements-746323ca92303fb79b08f2c8f7cc7841">Qu&rsquo;est-ce que l&rsquo;intelligence artificielle? Être humain à l&rsquo;âge de l&rsquo;IA. Une autre révolution industrielle selon le pape Léon XIV</p>



<p class="has-custom-color-3-color has-text-color has-link-color has-small-font-size wp-elements-5c98e3e9d1ff0eda5048d79c0fc21701"><strong>Matthieu Guillermin docteur en physique et philosophie, maître de conférence à l&rsquo;université catholique de Lyon</strong></p>



<p class="has-link-color has-small-font-size wp-elements-e0293ee060e1e3875822c07be224a45d"><strong>10h15</strong> La question de la vérité à l&rsquo;âge de l&rsquo;IA</p>



<p class="has-custom-color-3-color has-text-color has-link-color has-small-font-size wp-elements-9c3ce41d528ca81904a3b476262a4ddb"><strong>Olivier Abel, philosophe, professeur émérite de philosophie et d&rsquo;éthique à l&rsquo;Institut protestant de théologie</strong></p>



<p class="has-link-color has-small-font-size wp-elements-3e454ec2ef3cc2b1e56b6d81fb166aea"><strong>11h30</strong> les mots de l&rsquo;IA</p>



<p class="has-custom-color-3-color has-text-color has-link-color has-small-font-size wp-elements-b6b3b97bbe3bde9c505bbe26a0a0819e"><strong>Mariette Darrigrand , sémiologue et essayiste</strong></p>



<p class="has-text-align-center has-custom-color-3-color has-text-color has-link-color has-small-font-size wp-elements-f75a914f85b547d6823c4afba7f7979e"><strong>SAMEDI après-midi</strong></p>



<p class="has-small-font-size"><strong>16h45</strong> Les enjeux environnementaux de l&rsquo;IA</p>



<p class="has-custom-color-3-color has-text-color has-link-color has-small-font-size wp-elements-889cb9647d6ad926ea85dfd7b23f1d31"><strong>Julia Mouzon , Cécile Renouard, Nathalie Sarthou-Lajus</strong></p>



<p class="has-small-font-size"><strong>17h45</strong> Le fil rouge spirituel</p>



<p class="has-custom-color-3-color has-text-color has-link-color has-small-font-size wp-elements-5f51c5fe5fe63c965b49a3df2fd27150"><strong>Pasteure Corinne Gendreau &amp; Père Serge Ricaud</strong></p>



<blockquote class="wp-block-quote has-background is-layout-flow wp-block-quote-is-layout-flow" style="background-color:#dadaed">
<p class="has-custom-color-3-color has-text-color has-link-color has-medium-font-size wp-elements-34f277b1d2d12eb4849d83694b749342"><strong>Participation 10 euros pour les 2 jours.                               Possibilité de prendre le repas à la Solitude en s&rsquo;inscrivant à l&rsquo;avance :15 euros</strong></p>
</blockquote>
</div>



<div class="wp-block-column is-layout-flow wp-block-column-is-layout-flow">
<p class="has-text-align-center has-custom-color-3-color has-text-color has-link-color has-small-font-size wp-elements-2f01b5e32dfd162c1e7034d142da3302"><strong>DIMANCHE matin</strong></p>



<p class="has-small-font-size"><strong>10h</strong> Foi et science au temps de l&rsquo;IA</p>



<p class="has-custom-color-3-color has-text-color has-link-color has-small-font-size wp-elements-258eeef2da7d9badeb75f36e5066d492"><strong>Denis Malvy, professeur de médecine, théologien et prêtre orthodoxe</strong></p>



<p class="has-small-font-size"><strong>10h45</strong> Penser l&rsquo;IA avec Jacques Ellul, désacraliser la technique dans un système technicien</p>



<p class="has-custom-color-3-color has-text-color has-link-color has-small-font-size wp-elements-43f2f7bcd7130353a4928ac7eaea5fa1"><strong>Patrisk Chastenet, professeur de science politique </strong></p>



<p class="has-small-font-size"><strong>11h15</strong> l&rsquo;éthique, levier d&rsquo;influence et de souveraineté dans la révolution de l&rsquo;IA</p>



<p class="has-custom-color-3-color has-text-color has-link-color has-small-font-size wp-elements-784c25a5eaae40c7c80311c1468b7e5c"><strong>Claude Kirchner, président du comité national d&rsquo;éthique, directeur de recherche émérite</strong></p>



<p class="has-text-align-center has-custom-color-3-color has-text-color has-link-color has-small-font-size wp-elements-229ee14825def39a8dc6f40a717d6b39"><strong>DIMANCHE après-midi</strong></p>



<p class="has-small-font-size"><strong>14h00</strong> Quels choix éthiques et régaliens pour la France et ses alliés </p>



<p class="has-custom-color-3-color has-text-color has-link-color has-small-font-size wp-elements-38b12b869cc08f8f25c825b9815ade2e"><strong>Jean Noël Barrot, ministre de l&rsquo;Europe et des affaires étrangères, ministre délégué chargé de la transition numérique (2022-2024)</strong></p>



<p class="has-small-font-size"><strong>15h00 </strong>les mots de l&rsquo;IA </p>



<p class="has-custom-color-3-color has-text-color has-link-color has-small-font-size wp-elements-7a63d5765d1e15a84323953b4021cd0c"><strong>Mariette Darrigrand</strong></p>



<p class="has-small-font-size"><strong>15h10 </strong>Le Manifeste des SSF sur l&rsquo;IA : Une IA au service de l&rsquo;homme</p>



<p class="has-small-font-size"><strong>15h30</strong> Fil rouge spirituel </p>



<p class="has-custom-color-3-color has-text-color has-link-color has-small-font-size wp-elements-1659490532e3bb737795435231f4726b"><strong>Pasteure Corinne Gendreau et Père Serge Ricaud</strong></p>



<p class="has-contrast-color has-text-color has-link-color has-small-font-size wp-elements-1c18c7f4203b81a686bbf81a02a1b0ff"><strong>15h40-16h00</strong> CONCLUSIONS </p>



<p class="has-custom-color-3-color has-text-color has-link-color has-small-font-size wp-elements-a65142b76b147c369914096c8657c36a"> <strong>Isabelle de Gaulmyn</strong></p>
</div>
</div>



<p></p>

<p>Nous vous proposons de vivre les Semaines sociales en ligne à la Solitude SAMEDI matin 9h00 Ouverture de la rencontre placée sous l&rsquo;égide du pape 9h30 Conférence introductive Qu&rsquo;est-ce que [&hellip;]</p>
