{"id":4390,"date":"2025-10-06T19:03:32","date_gmt":"2025-10-06T17:03:32","guid":{"rendered":"https:\/\/solitude.saintefamille.fr\/?page_id=4390"},"modified":"2026-01-09T12:33:54","modified_gmt":"2026-01-09T10:33:54","slug":"vide-grenier","status":"publish","type":"page","link":"https:\/\/solitude.saintefamille.fr\/?page_id=4390","title":{"rendered":"Action de gr\u00e2ce pour la B\u00e9n\u00e9diction miraculeuse\ndu 3 f\u00e9vrier 1822"},"content":{"rendered":"\n<figure class=\"wp-block-image size-full\"><a href=\"https:\/\/solitude.saintefamille.fr\/files\/2026\/01\/ostensoir.jpg\"><img loading=\"lazy\" decoding=\"async\" width=\"737\" height=\"558\" src=\"https:\/\/solitude.saintefamille.fr\/files\/2026\/01\/ostensoir.jpg\" alt=\"\" class=\"wp-image-4511\" srcset=\"https:\/\/solitude.saintefamille.fr\/files\/2026\/01\/ostensoir.jpg 737w, https:\/\/solitude.saintefamille.fr\/files\/2026\/01\/ostensoir-300x227.jpg 300w\" sizes=\"auto, (max-width: 737px) 100vw, 737px\" \/><\/a><\/figure>\n\n\n\n<p class=\"has-text-align-center has-medium-font-size\"><strong>TEMPS D&rsquo;ADORATION <\/strong><\/p>\n\n\n\n<p class=\"has-text-align-center has-medium-font-size\"><strong>Le Mardi 3 f\u00e9vrier de 15h \u00e0 18h<\/strong><\/p>\n\n\n\n<p class=\"has-text-align-center has-medium-font-size\"><strong>V\u00caPRES \u00e0 18h15<\/strong><\/p>\n","protected":false},"excerpt":{"rendered":"<p>TEMPS D&rsquo;ADORATION Le Mardi 3 f\u00e9vrier de 15h \u00e0 18h V\u00caPRES \u00e0 18h15<\/p>\n","protected":false},"author":1,"featured_media":0,"parent":0,"menu_order":0,"comment_status":"closed","ping_status":"closed","template":"","meta":{"_acf_changed":false,"_EventAllDay":false,"_EventTimezone":"","_EventStartDate":"","_EventEndDate":"","_EventStartDateUTC":"","_EventEndDateUTC":"","_EventShowMap":false,"_EventShowMapLink":false,"_EventURL":"","_EventCost":"","_EventCostDescription":"","_EventCurrencySymbol":"","_EventCurrencyCode":"","_EventCurrencyPosition":"","_EventDateTimeSeparator":"","_EventTimeRangeSeparator":"","_EventOrganizerID":[],"_EventVenueID":[],"_OrganizerEmail":"","_OrganizerPhone":"","_OrganizerWebsite":"","_VenueAddress":"","_VenueCity":"","_VenueCountry":"","_VenueProvince":"","_VenueState":"","_VenueZip":"","_VenuePhone":"","_VenueURL":"","_VenueStateProvince":"","_VenueLat":"","_VenueLng":"","_VenueShowMap":false,"_VenueShowMapLink":false,"footnotes":""},"class_list":["post-4390","page","type-page","status-publish","hentry"],"acf":[],"_links":{"self":[{"href":"https:\/\/solitude.saintefamille.fr\/index.php?rest_route=\/wp\/v2\/pages\/4390","targetHints":{"allow":["GET"]}}],"collection":[{"href":"https:\/\/solitude.saintefamille.fr\/index.php?rest_route=\/wp\/v2\/pages"}],"about":[{"href":"https:\/\/solitude.saintefamille.fr\/index.php?rest_route=\/wp\/v2\/types\/page"}],"author":[{"embeddable":true,"href":"https:\/\/solitude.saintefamille.fr\/index.php?rest_route=\/wp\/v2\/users\/1"}],"replies":[{"embeddable":true,"href":"https:\/\/solitude.saintefamille.fr\/index.php?rest_route=%2Fwp%2Fv2%2Fcomments&post=4390"}],"version-history":[{"count":11,"href":"https:\/\/solitude.saintefamille.fr\/index.php?rest_route=\/wp\/v2\/pages\/4390\/revisions"}],"predecessor-version":[{"id":4517,"href":"https:\/\/solitude.saintefamille.fr\/index.php?rest_route=\/wp\/v2\/pages\/4390\/revisions\/4517"}],"wp:attachment":[{"href":"https:\/\/solitude.saintefamille.fr\/index.php?rest_route=%2Fwp%2Fv2%2Fmedia&parent=4390"}],"curies":[{"name":"wp","href":"https:\/\/api.w.org\/{rel}","templated":true}]}}

Action de grâce pour la Bénédiction miraculeuse
du 3 février 1822

<figure class="wp-block-image size-full"><a href="https://solitude.saintefamille.fr/files/2026/01/ostensoir.jpg"><img loading="lazy" decoding="async" width="737" height="558" src="https://solitude.saintefamille.fr/files/2026/01/ostensoir.jpg" alt="" class="wp-image-4511" srcset="https://solitude.saintefamille.fr/files/2026/01/ostensoir.jpg 737w, https://solitude.saintefamille.fr/files/2026/01/ostensoir-300x227.jpg 300w" sizes="auto, (max-width: 737px) 100vw, 737px" /></a></figure>



<p class="has-text-align-center has-medium-font-size"><strong>TEMPS D&rsquo;ADORATION </strong></p>



<p class="has-text-align-center has-medium-font-size"><strong>Le Mardi 3 février de 15h à 18h</strong></p>



<p class="has-text-align-center has-medium-font-size"><strong>VÊPRES à 18h15</strong></p>

<p>TEMPS D&rsquo;ADORATION Le Mardi 3 février de 15h à 18h VÊPRES à 18h15</p>
