{"id":4450,"date":"2025-12-14T16:47:11","date_gmt":"2025-12-14T14:47:11","guid":{"rendered":"https:\/\/solitude.saintefamille.fr\/?page_id=4450"},"modified":"2025-12-14T16:47:13","modified_gmt":"2025-12-14T14:47:13","slug":"avec-le-sri-lanka","status":"publish","type":"page","link":"https:\/\/solitude.saintefamille.fr\/?page_id=4450","title":{"rendered":"Avec le Sri Lanka&#8230;"},"content":{"rendered":"\n<figure class=\"wp-block-image alignwide size-full\"><a href=\"https:\/\/solitude.saintefamille.fr\/files\/2025\/12\/Capture-decran-2025-12-14-114639.png\"><img loading=\"lazy\" decoding=\"async\" width=\"916\" height=\"131\" src=\"https:\/\/solitude.saintefamille.fr\/files\/2025\/12\/Capture-decran-2025-12-14-114639.png\" alt=\"\" class=\"wp-image-4451\" srcset=\"https:\/\/solitude.saintefamille.fr\/files\/2025\/12\/Capture-decran-2025-12-14-114639.png 916w, https:\/\/solitude.saintefamille.fr\/files\/2025\/12\/Capture-decran-2025-12-14-114639-300x43.png 300w, https:\/\/solitude.saintefamille.fr\/files\/2025\/12\/Capture-decran-2025-12-14-114639-768x110.png 768w\" sizes=\"auto, (max-width: 916px) 100vw, 916px\" \/><\/a><\/figure>\n\n\n\n<p>Le Sri Lanka est confront\u00e9 \u00e0 l&rsquo;une des pires catastrophes naturelles qu&rsquo;il ait connues depuis des d\u00e9cennies<strong>. Le cyclone Ditwah<\/strong> a frapp\u00e9 le 28 novembre 2025, provoquant des inondations massives et des glissements de terrain meurtriers qui ont laiss\u00e9 une tra\u00een\u00e9e de morts et de destructions sur toute l&rsquo;\u00eele. Au moins 465 personnes ont perdu la vie et pr\u00e8s de 366 sont port\u00e9es disparues, et l&rsquo;on craint que le nombre de morts d\u00e9passe la barre des 1&nbsp;000.<\/p>\n\n\n\n<p>Plus de 180 000 personnes issues de plus de 51 000 familles ont perdu leurs maisons et vivent d\u00e9sormais dans 1 094 abris temporaires mis en place par le gouvernement. Plus de 15&nbsp;000 maisons ont \u00e9t\u00e9 compl\u00e8tement d\u00e9truites, les routes sont bloqu\u00e9es et les syst\u00e8mes de communication sont hors service. De nombreuses communaut\u00e9s restent isol\u00e9es ou coup\u00e9es du monde ext\u00e9rieur, incapables d&rsquo;appeler \u00e0 l&rsquo;aide ou d&rsquo;informer qui que ce soit qu&rsquo;elles sont en vie.<\/p>\n\n\n\n<figure class=\"wp-block-image size-full\"><a href=\"https:\/\/solitude.saintefamille.fr\/files\/2025\/12\/Capture-decran-2025-12-14-114729.png\"><img loading=\"lazy\" decoding=\"async\" width=\"592\" height=\"382\" src=\"https:\/\/solitude.saintefamille.fr\/files\/2025\/12\/Capture-decran-2025-12-14-114729.png\" alt=\"\" class=\"wp-image-4452\" srcset=\"https:\/\/solitude.saintefamille.fr\/files\/2025\/12\/Capture-decran-2025-12-14-114729.png 592w, https:\/\/solitude.saintefamille.fr\/files\/2025\/12\/Capture-decran-2025-12-14-114729-300x194.png 300w\" sizes=\"auto, (max-width: 592px) 100vw, 592px\" \/><\/a><\/figure>\n\n\n\n<figure class=\"wp-block-image size-full\"><a href=\"https:\/\/solitude.saintefamille.fr\/files\/2025\/12\/Capture-decran-2025-12-14-121410.png\"><img loading=\"lazy\" decoding=\"async\" width=\"685\" height=\"53\" src=\"https:\/\/solitude.saintefamille.fr\/files\/2025\/12\/Capture-decran-2025-12-14-121410.png\" alt=\"\" class=\"wp-image-4454\" srcset=\"https:\/\/solitude.saintefamille.fr\/files\/2025\/12\/Capture-decran-2025-12-14-121410.png 685w, https:\/\/solitude.saintefamille.fr\/files\/2025\/12\/Capture-decran-2025-12-14-121410-300x23.png 300w\" sizes=\"auto, (max-width: 685px) 100vw, 685px\" \/><\/a><\/figure>\n\n\n\n<p class=\"has-medium-font-size\">Cette catastrophe survient \u00e0 un moment d\u00e9vastateur pour le Sri Lanka. Apr\u00e8s des ann\u00e9es de grave crise \u00e9conomique, politique et sociale, notre pays commen\u00e7ait tout juste \u00e0 relever la t\u00eate avec esp\u00e9rance sous un nouveau gouvernement. Nous commencions enfin \u00e0 reconstruire, en nous concentrant sur l&rsquo;am\u00e9lioration des conditions de vie des membres les plus pauvres de notre soci\u00e9t\u00e9 et sur la cr\u00e9ation de voies pour sortir de la pauvret\u00e9. Mais apr\u00e8s seulement deux ans de reprise, \u00e0 la fin de l&rsquo;ann\u00e9e, cette inondation a emport\u00e9 non seulement des vies et des maisons, mais aussi l&rsquo;espoir de construire une nation d\u00e9velopp\u00e9e. Les d\u00e9g\u00e2ts d\u00e9passent largement ce que nous pouvons voir aujourd&rsquo;hui. Notre principal a\u00e9roport a \u00e9t\u00e9 submerg\u00e9 par les eaux. Les routes et les ponts essentiels qui relient nos communaut\u00e9s et nos march\u00e9s ont \u00e9t\u00e9 d\u00e9truits. Les gares ferroviaires sont en ruines. Les sites touristiques qui apportaient des revenus vitaux \u00e0 notre \u00e9conomie ont \u00e9t\u00e9 d\u00e9vast\u00e9s. De vastes rizi\u00e8res pr\u00eates \u00e0 \u00eatre r\u00e9colt\u00e9es sont d\u00e9sormais sous les eaux, et les potagers qui nourrissaient nos familles se sont effondr\u00e9s dans la boue. Les r\u00e9seaux d&rsquo;alimentation \u00e9lectrique ont \u00e9t\u00e9 gravement endommag\u00e9s et les installations de traitement de l&rsquo;eau ne fonctionnent plus. Ironie cruelle de cette catastrophe, les gens sont entour\u00e9s d&rsquo;eau, mais n&rsquo;ont pas d&rsquo;eau potable \u00e0 boire. Ils sont plong\u00e9s dans l&rsquo;obscurit\u00e9, sans \u00e9lectricit\u00e9, incapables de cuisiner, de recharger leurs t\u00e9l\u00e9phones pour appeler \u00e0 l&rsquo;aide, ou m\u00eame de voir le danger approcher pendant la nuit. Les fondements m\u00eames de notre \u00e9conomie \u2013 l&rsquo;agriculture, le tourisme, les infrastructures \u2013 ont \u00e9t\u00e9 gravement endommag\u00e9s.<\/p>\n\n\n\n<figure class=\"wp-block-image size-full\"><a href=\"https:\/\/solitude.saintefamille.fr\/files\/2025\/12\/Capture-decran-2025-12-14-115048.png\"><img loading=\"lazy\" decoding=\"async\" width=\"870\" height=\"118\" src=\"https:\/\/solitude.saintefamille.fr\/files\/2025\/12\/Capture-decran-2025-12-14-115048.png\" alt=\"\" class=\"wp-image-4453\" srcset=\"https:\/\/solitude.saintefamille.fr\/files\/2025\/12\/Capture-decran-2025-12-14-115048.png 870w, https:\/\/solitude.saintefamille.fr\/files\/2025\/12\/Capture-decran-2025-12-14-115048-300x41.png 300w, https:\/\/solitude.saintefamille.fr\/files\/2025\/12\/Capture-decran-2025-12-14-115048-768x104.png 768w\" sizes=\"auto, (max-width: 870px) 100vw, 870px\" \/><\/a><\/figure>\n\n\n\n<p class=\"has-medium-font-size\">Cependant, au milieu de la mort, de la destruction, de la douleur, de la perte et de la peur intense, quelque chose de magnifique se produit : l&rsquo;esprit du peuple sri-lankais refuse de se briser. Des familles qui ont pass\u00e9 des ann\u00e9es \u00e0 construire leurs maisons et leur vie ont vu les fruits de leur travail dispara\u00eetre en quelques minutes. Pourtant, elles prennent soin de leurs voisins, partagent le peu de nourriture qu&rsquo;elles ont et sont l\u00e0 les unes pour les autres. Dans d&rsquo;autres r\u00e9gions moins touch\u00e9es, des repas sont pr\u00e9par\u00e9s et livr\u00e9s par bateaux et par v\u00e9hicules \u00e0 ceux qui sont encore pris au pi\u00e8ge par les inondations.<\/p>\n\n\n\n<div class=\"wp-block-columns is-layout-flex wp-container-core-columns-is-layout-28f84493 wp-block-columns-is-layout-flex\">\n<div class=\"wp-block-column is-layout-flow wp-block-column-is-layout-flow\">\n<figure class=\"wp-block-image size-full\"><a href=\"https:\/\/solitude.saintefamille.fr\/files\/2025\/12\/Capture-decran-2025-12-14-121635.png\"><img loading=\"lazy\" decoding=\"async\" width=\"412\" height=\"287\" src=\"https:\/\/solitude.saintefamille.fr\/files\/2025\/12\/Capture-decran-2025-12-14-121635.png\" alt=\"\" class=\"wp-image-4455\" srcset=\"https:\/\/solitude.saintefamille.fr\/files\/2025\/12\/Capture-decran-2025-12-14-121635.png 412w, https:\/\/solitude.saintefamille.fr\/files\/2025\/12\/Capture-decran-2025-12-14-121635-300x209.png 300w\" sizes=\"auto, (max-width: 412px) 100vw, 412px\" \/><\/a><\/figure>\n<\/div>\n\n\n\n<div class=\"wp-block-column is-layout-flow wp-block-column-is-layout-flow\">\n<figure class=\"wp-block-image size-full\"><a href=\"https:\/\/solitude.saintefamille.fr\/files\/2025\/12\/Capture-decran-2025-12-14-121600.png\"><img loading=\"lazy\" decoding=\"async\" width=\"397\" height=\"265\" src=\"https:\/\/solitude.saintefamille.fr\/files\/2025\/12\/Capture-decran-2025-12-14-121600.png\" alt=\"\" class=\"wp-image-4457\" srcset=\"https:\/\/solitude.saintefamille.fr\/files\/2025\/12\/Capture-decran-2025-12-14-121600.png 397w, https:\/\/solitude.saintefamille.fr\/files\/2025\/12\/Capture-decran-2025-12-14-121600-300x200.png 300w\" sizes=\"auto, (max-width: 397px) 100vw, 397px\" \/><\/a><\/figure>\n<\/div>\n<\/div>\n\n\n\n<p class=\"has-medium-font-size\">Des b\u00e9n\u00e9voles travaillent aux c\u00f4t\u00e9s des \u00e9quipes de sauvetage de la marine, fouillant les eaux dangereuses o\u00f9 r\u00f4dent les crocodiles, \u00e0 la recherche de survivants et pour ramener les corps de ceux qui ne sont plus. Le plus inspirant est de voir des bouddhistes, des hindous, des chr\u00e9tiens et des musulmans ouvrir non seulement les portes des temples, des \u00e9glises et des mosqu\u00e9es, mais aussi celles de leurs maisons pour accueillir toute personne ayant besoin d&rsquo;aide. Aucune diff\u00e9rence raciale ou religieuse n&#8217;emp\u00eache de tendre la main, car nous sommes \u00ab une seule famille \u00bb.<\/p>\n\n\n\n<div class=\"wp-block-columns is-layout-flex wp-container-core-columns-is-layout-28f84493 wp-block-columns-is-layout-flex\">\n<div class=\"wp-block-column is-layout-flow wp-block-column-is-layout-flow\">\n<figure class=\"wp-block-image size-full\"><a href=\"https:\/\/solitude.saintefamille.fr\/files\/2025\/12\/Capture-decran-2025-12-14-121738.png\"><img loading=\"lazy\" decoding=\"async\" width=\"443\" height=\"539\" src=\"https:\/\/solitude.saintefamille.fr\/files\/2025\/12\/Capture-decran-2025-12-14-121738.png\" alt=\"\" class=\"wp-image-4458\" srcset=\"https:\/\/solitude.saintefamille.fr\/files\/2025\/12\/Capture-decran-2025-12-14-121738.png 443w, https:\/\/solitude.saintefamille.fr\/files\/2025\/12\/Capture-decran-2025-12-14-121738-247x300.png 247w\" sizes=\"auto, (max-width: 443px) 100vw, 443px\" \/><\/a><\/figure>\n<\/div>\n\n\n\n<div class=\"wp-block-column is-layout-flow wp-block-column-is-layout-flow\">\n<figure class=\"wp-block-image size-full\"><a href=\"https:\/\/solitude.saintefamille.fr\/files\/2025\/12\/Capture-decran-2025-12-14-121917.png\"><img loading=\"lazy\" decoding=\"async\" width=\"370\" height=\"483\" src=\"https:\/\/solitude.saintefamille.fr\/files\/2025\/12\/Capture-decran-2025-12-14-121917.png\" alt=\"\" class=\"wp-image-4459\" srcset=\"https:\/\/solitude.saintefamille.fr\/files\/2025\/12\/Capture-decran-2025-12-14-121917.png 370w, https:\/\/solitude.saintefamille.fr\/files\/2025\/12\/Capture-decran-2025-12-14-121917-230x300.png 230w\" sizes=\"auto, (max-width: 370px) 100vw, 370px\" \/><\/a><\/figure>\n<\/div>\n<\/div>\n\n\n\n<p class=\"has-medium-font-size\" style=\"margin-top:0;margin-bottom:0\">&nbsp;En tant que S\u0153urs de la Sainte-Famille, nous suivons les traces de ce que notre bon P\u00e8re avait envisag\u00e9 : \u00ab En vous consacrant aux \u0153uvres de l&rsquo;Association, vous ne vous \u00eates pas s\u00e9par\u00e9es de ceux qui vivent sous la loi commune. En tant que compagnons de leur bon ange, vous les suivez dans la vall\u00e9e des larmes, et pour les ramener ou les garder pour J\u00e9sus-Christ, vous partagez avec eux, autant que vous le pouvez, toutes les fatigues, les \u00e9preuves et les dangers du voyage. \u00bb<\/p>\n\n\n\n<p>Nous aussi, nous avons \u00e9t\u00e9 profond\u00e9ment touch\u00e9es. Certains de nos couvents ont \u00e9t\u00e9 inond\u00e9s. Nous aussi, nous avons perdu nos syst\u00e8mes de communication et nos connexions Internet. Nous aussi, nous avons ressenti la m\u00eame peur et la m\u00eame douleur que tous les autres Sri Lankais. Beaucoup de nos s\u0153urs ont vu leurs propres maisons familiales endommag\u00e9es ou d\u00e9truites par ce cyclone \u2013 leurs parents, leurs fr\u00e8res et s\u0153urs et leurs proches font partie de ceux qui ont tout perdu.<\/p>\n\n\n\n<p>Pourtant, m\u00eame si elles sont accabl\u00e9es par le chagrin et la perte, nos s\u0153urs continuent \u00e0 servir. Cette souffrance partag\u00e9e ne nous a pas affaiblies ; elle a renforc\u00e9 notre engagement et notre lien avec les personnes que nous servons. Plusieurs de nos couvents sont devenus des refuges pour les familles qui n&rsquo;ont nulle part o\u00f9 aller. Nos s\u0153urs se d\u00e9placent en bateau \u00e0 travers les eaux de crueet en voiture sur des routes gravement endommag\u00e9es, apportant des repas chauds aux personnes, partout o\u00f9 nous pouvons les atteindre.<\/p>\n\n\n\n<p>Ce qui nous touche le plus, c&rsquo;est de voir comment notre travail inspire d&rsquo;autres personnes \u00e0 se joindre \u00e0 nous. Quand les gens nous voient servir, ils nous aident aussi. Des inconnus se pr\u00e9sentent aux centres de secours avec des dons d&rsquo;argent et de nourriture.<\/p>\n\n\n\n<p>D&rsquo;autres retroussent leurs manches pour cuisiner avec nous, emballer des provisions ou simplement tenir dans leurs bras des enfants en pleurs qui ont tout perdu.<\/p>\n\n\n\n<p>Ce cyclone a beaucoup co\u00fbt\u00e9 \u00e0 notre nation. Mais il nous a aussi montr\u00e9 quelque chose de puissant : notre plus grande force r\u00e9side dans notre humanit\u00e9 commune et notre volont\u00e9 de prendre soin les uns des autres.<\/p>\n\n\n\n<p>En tant que S\u0153urs de la Sainte-Famille, nous faisons de notre mieux pour continuer \u00e0 accompagner notre peuple \u00e0 travers cette crise et les longs mois de reconstruction qui nous attendent. Nous resterons pr\u00e9sentes \u00e0 la fois dans la souffrance et dans l&rsquo;espoir de notre cher Sri Lanka.<\/p>\n","protected":false},"excerpt":{"rendered":"<p>Le Sri Lanka est confront\u00e9 \u00e0 l&rsquo;une des pires catastrophes naturelles qu&rsquo;il ait connues depuis des d\u00e9cennies. Le cyclone Ditwah a frapp\u00e9 le 28 novembre 2025, provoquant des inondations massives [&hellip;]<\/p>\n","protected":false},"author":1,"featured_media":0,"parent":3379,"menu_order":0,"comment_status":"closed","ping_status":"closed","template":"","meta":{"_acf_changed":false,"_EventAllDay":false,"_EventTimezone":"","_EventStartDate":"","_EventEndDate":"","_EventStartDateUTC":"","_EventEndDateUTC":"","_EventShowMap":false,"_EventShowMapLink":false,"_EventURL":"","_EventCost":"","_EventCostDescription":"","_EventCurrencySymbol":"","_EventCurrencyCode":"","_EventCurrencyPosition":"","_EventDateTimeSeparator":"","_EventTimeRangeSeparator":"","_EventOrganizerID":[],"_EventVenueID":[],"_OrganizerEmail":"","_OrganizerPhone":"","_OrganizerWebsite":"","_VenueAddress":"","_VenueCity":"","_VenueCountry":"","_VenueProvince":"","_VenueState":"","_VenueZip":"","_VenuePhone":"","_VenueURL":"","_VenueStateProvince":"","_VenueLat":"","_VenueLng":"","_VenueShowMap":false,"_VenueShowMapLink":false,"footnotes":""},"class_list":["post-4450","page","type-page","status-publish","hentry"],"acf":[],"_links":{"self":[{"href":"https:\/\/solitude.saintefamille.fr\/index.php?rest_route=\/wp\/v2\/pages\/4450","targetHints":{"allow":["GET"]}}],"collection":[{"href":"https:\/\/solitude.saintefamille.fr\/index.php?rest_route=\/wp\/v2\/pages"}],"about":[{"href":"https:\/\/solitude.saintefamille.fr\/index.php?rest_route=\/wp\/v2\/types\/page"}],"author":[{"embeddable":true,"href":"https:\/\/solitude.saintefamille.fr\/index.php?rest_route=\/wp\/v2\/users\/1"}],"replies":[{"embeddable":true,"href":"https:\/\/solitude.saintefamille.fr\/index.php?rest_route=%2Fwp%2Fv2%2Fcomments&post=4450"}],"version-history":[{"count":1,"href":"https:\/\/solitude.saintefamille.fr\/index.php?rest_route=\/wp\/v2\/pages\/4450\/revisions"}],"predecessor-version":[{"id":4460,"href":"https:\/\/solitude.saintefamille.fr\/index.php?rest_route=\/wp\/v2\/pages\/4450\/revisions\/4460"}],"up":[{"embeddable":true,"href":"https:\/\/solitude.saintefamille.fr\/index.php?rest_route=\/wp\/v2\/pages\/3379"}],"wp:attachment":[{"href":"https:\/\/solitude.saintefamille.fr\/index.php?rest_route=%2Fwp%2Fv2%2Fmedia&parent=4450"}],"curies":[{"name":"wp","href":"https:\/\/api.w.org\/{rel}","templated":true}]}}